Last updated on 2024-04-27 01:52:24 CEST.
Flavor | Version | Tinstall | Tcheck | Ttotal | Status | Flags |
---|---|---|---|---|---|---|
r-devel-linux-x86_64-debian-clang | 0.1.0 | 1.60 | 18.46 | 20.06 | NOTE | |
r-devel-linux-x86_64-debian-gcc | 0.1.0 | 1.31 | 14.78 | 16.09 | NOTE | |
r-devel-linux-x86_64-fedora-clang | 0.1.0 | 26.22 | NOTE | |||
r-devel-linux-x86_64-fedora-gcc | 0.1.0 | 25.20 | NOTE | |||
r-devel-windows-x86_64 | 0.1.0 | 3.00 | 34.00 | 37.00 | NOTE | |
r-patched-linux-x86_64 | 0.1.0 | 1.72 | 17.90 | 19.62 | NOTE | |
r-release-linux-x86_64 | 0.1.0 | 1.55 | 18.15 | 19.70 | NOTE | |
r-release-macos-arm64 | 0.1.0 | 13.00 | NOTE | |||
r-release-windows-x86_64 | 0.1.0 | 2.00 | 32.00 | 34.00 | NOTE | |
r-oldrel-macos-arm64 | 0.1.0 | 16.00 | NOTE | |||
r-oldrel-macos-x86_64 | 0.1.0 | 17.00 | NOTE | |||
r-oldrel-windows-x86_64 | 0.1.0 | 4.00 | 32.00 | 36.00 | NOTE |
Version: 0.1.0
Check: LazyData
Result: NOTE
'LazyData' is specified without a 'data' directory
Flavors: r-devel-linux-x86_64-debian-clang, r-devel-linux-x86_64-debian-gcc, r-devel-linux-x86_64-fedora-clang, r-devel-linux-x86_64-fedora-gcc, r-devel-windows-x86_64, r-patched-linux-x86_64, r-release-linux-x86_64, r-release-macos-arm64, r-release-windows-x86_64, r-oldrel-macos-arm64, r-oldrel-macos-x86_64, r-oldrel-windows-x86_64