Last updated on 2024-04-20 01:50:09 CEST.
Flavor | Version | Tinstall | Tcheck | Ttotal | Status | Flags |
---|---|---|---|---|---|---|
r-devel-linux-x86_64-debian-clang | 0.3.3 | 2.70 | 25.24 | 27.94 | NOTE | |
r-devel-linux-x86_64-debian-gcc | 0.3.3 | NOTE | ||||
r-devel-linux-x86_64-fedora-clang | 0.3.3 | 35.47 | NOTE | |||
r-devel-linux-x86_64-fedora-gcc | 0.3.3 | 34.04 | NOTE | |||
r-prerel-macos-arm64 | 0.3.3 | 16.00 | NOTE | |||
r-prerel-windows-x86_64 | 0.3.3 | 10.00 | 43.00 | 53.00 | NOTE | |
r-patched-linux-x86_64 | 0.3.3 | 2.49 | 23.88 | 26.37 | NOTE | |
r-release-linux-x86_64 | 0.3.3 | 2.49 | 24.76 | 27.25 | OK | |
r-release-macos-arm64 | 0.3.3 | 16.00 | OK | |||
r-release-macos-x86_64 | 0.3.3 | 22.00 | OK | |||
r-release-windows-x86_64 | 0.3.3 | 8.00 | 44.00 | 52.00 | OK | |
r-oldrel-macos-arm64 | 0.3.3 | 18.00 | OK | |||
r-oldrel-windows-x86_64 | 0.3.3 | 10.00 | 51.00 | 61.00 | OK |
Version: 0.3.3
Check: Rd files
Result: NOTE
checkRd: (-1) user_log_dir.Rd:48: Lost braces
48 | \\env{$XDG_CACHE_HOME} if defined
| ^
Flavors: r-devel-linux-x86_64-debian-clang, r-devel-linux-x86_64-debian-gcc, r-devel-linux-x86_64-fedora-clang, r-devel-linux-x86_64-fedora-gcc, r-prerel-macos-arm64, r-prerel-windows-x86_64, r-patched-linux-x86_64