Last updated on 2024-04-24 01:52:22 CEST.
Flavor | Version | Tinstall | Tcheck | Ttotal | Status | Flags |
---|---|---|---|---|---|---|
r-devel-linux-x86_64-debian-clang | 1.1 | 6.35 | 47.27 | 53.62 | NOTE | |
r-devel-linux-x86_64-debian-gcc | 1.1 | 4.10 | 35.33 | 39.43 | NOTE | |
r-devel-linux-x86_64-fedora-clang | 1.1 | 64.69 | NOTE | |||
r-devel-linux-x86_64-fedora-gcc | 1.1 | 62.87 | NOTE | |||
r-prerel-macos-arm64 | 1.1 | 24.00 | NOTE | |||
r-prerel-windows-x86_64 | 1.1 | 7.00 | 67.00 | 74.00 | NOTE | |
r-patched-linux-x86_64 | 1.1 | 6.56 | 45.59 | 52.15 | NOTE | |
r-release-linux-x86_64 | 1.1 | 5.55 | 44.24 | 49.79 | OK | |
r-release-macos-arm64 | 1.1 | 23.00 | OK | |||
r-release-macos-x86_64 | 1.1 | 34.00 | OK | |||
r-release-windows-x86_64 | 1.1 | 7.00 | 70.00 | 77.00 | OK | |
r-oldrel-macos-arm64 | 1.1 | 21.00 | OK | |||
r-oldrel-windows-x86_64 | 1.1 | 9.00 | 68.00 | 77.00 | OK |
Version: 1.1
Check: Rd files
Result: NOTE
checkRd: (-1) max.Rd:17: Lost braces
17 | Returns the maximum of all values in a vector by passing \{code{\link{max}} as \code{fn} argument to \code{\link{univar}} function.
| ^
checkRd: (-1) min.Rd:17: Lost braces
17 | Returns the minimum of all values in a vector by passing \{code{\link{min}} as \code{fn} argument to \code{\link{univar}} function.
| ^
Flavors: r-devel-linux-x86_64-debian-clang, r-devel-linux-x86_64-debian-gcc, r-devel-linux-x86_64-fedora-clang, r-devel-linux-x86_64-fedora-gcc, r-prerel-macos-arm64, r-prerel-windows-x86_64, r-patched-linux-x86_64
Version: 1.1
Check: Rd cross-references
Result: NOTE
Undeclared package ‘reshape’ in Rd xrefs
Flavor: r-devel-linux-x86_64-fedora-clang