CRAN Package Check Results for Package rapsimng

Last updated on 2022-07-06 01:50:32 CEST.

Flavor Version Tinstall Tcheck Ttotal Status Flags
r-devel-linux-x86_64-debian-clang 0.3.0 4.43 52.12 56.55 OK
r-devel-linux-x86_64-debian-gcc 0.3.0 4.09 39.35 43.44 OK
r-devel-linux-x86_64-fedora-clang 0.3.0 79.74 NOTE
r-devel-linux-x86_64-fedora-gcc 0.3.0 75.90 NOTE
r-devel-windows-x86_64 0.3.0 14.00 86.00 100.00 OK
r-patched-linux-x86_64 0.3.0 5.75 49.55 55.30 OK
r-release-linux-x86_64 0.3.0 5.46 49.23 54.69 OK
r-release-macos-arm64 0.3.0 25.00 NOTE
r-release-macos-x86_64 0.3.0 47.00 NOTE
r-release-windows-x86_64 0.3.0 23.00 87.00 110.00 OK
r-oldrel-macos-arm64 0.3.0 28.00 NOTE
r-oldrel-macos-x86_64 0.3.0 34.00 NOTE
r-oldrel-windows-ix86+x86_64 0.3.0 11.00 72.00 83.00 OK

Check Details

Version: 0.3.0
Check: dependencies in R code
Result: NOTE
    Namespaces in Imports field not imported from:
     ‘dplyr’ ‘tidyr’
     All declared Imports should be used.
Flavors: r-devel-linux-x86_64-fedora-clang, r-devel-linux-x86_64-fedora-gcc, r-release-macos-arm64, r-release-macos-x86_64, r-oldrel-macos-arm64, r-oldrel-macos-x86_64