Last updated on 2025-05-09 01:50:15 CEST.
Flavor | Version | Tinstall | Tcheck | Ttotal | Status | Flags |
---|---|---|---|---|---|---|
r-devel-linux-x86_64-debian-clang | 1.0.1 | 157.87 | 327.22 | 485.09 | OK | |
r-devel-linux-x86_64-debian-gcc | 1.0.1 | 107.08 | 215.65 | 322.73 | OK | |
r-devel-linux-x86_64-fedora-clang | 1.0.1 | 765.86 | OK | |||
r-devel-linux-x86_64-fedora-gcc | 1.0.1 | 805.49 | OK | |||
r-devel-windows-x86_64 | 1.0.1 | 159.00 | 306.00 | 465.00 | OK | |
r-patched-linux-x86_64 | 1.0.1 | 143.24 | 306.42 | 449.66 | OK | |
r-release-linux-x86_64 | 1.0.1 | 139.01 | 308.44 | 447.45 | OK | |
r-release-macos-arm64 | 1.0.1 | 182.00 | OK | |||
r-release-macos-x86_64 | 1.0.1 | 329.00 | OK | |||
r-release-windows-x86_64 | 1.0.1 | 159.00 | 314.00 | 473.00 | OK | |
r-oldrel-macos-arm64 | 1.0.1 | 184.00 | NOTE | |||
r-oldrel-macos-x86_64 | 1.0.1 | 250.00 | NOTE | |||
r-oldrel-windows-x86_64 | 1.0.1 | 192.00 | 401.00 | 593.00 | NOTE |
Version: 1.0.1
Check: package dependencies
Result: NOTE
Package suggested but not available for checking: ‘gurobi’
Flavors: r-oldrel-macos-arm64, r-oldrel-macos-x86_64, r-oldrel-windows-x86_64
Version: 1.0.1
Check: installed package size
Result: NOTE
installed size is 16.3Mb
sub-directories of 1Mb or more:
doc 1.7Mb
extdata 4.1Mb
libs 9.6Mb
Flavors: r-oldrel-macos-arm64, r-oldrel-macos-x86_64, r-oldrel-windows-x86_64