Last updated on 2024-03-29 01:51:15 CET.
Flavor | Version | Tinstall | Tcheck | Ttotal | Status | Flags |
---|---|---|---|---|---|---|
r-devel-linux-x86_64-debian-clang | 1.0.1 | 246.75 | 406.87 | 653.62 | NOTE | |
r-devel-linux-x86_64-debian-gcc | 1.0.1 | 177.87 | 293.95 | 471.82 | NOTE | |
r-devel-linux-x86_64-fedora-clang | 1.0.1 | 808.36 | NOTE | |||
r-devel-linux-x86_64-fedora-gcc | 1.0.1 | 806.51 | NOTE | |||
r-devel-windows-x86_64 | 1.0.1 | 177.00 | 300.00 | 477.00 | NOTE | |
r-patched-linux-x86_64 | 1.0.1 | 171.11 | 386.26 | 557.37 | NOTE | |
r-release-linux-x86_64 | 1.0.1 | 166.85 | 422.71 | 589.56 | NOTE | |
r-release-macos-arm64 | 1.0.1 | 200.00 | NOTE | |||
r-release-macos-x86_64 | 1.0.1 | 429.00 | NOTE | |||
r-release-windows-x86_64 | 1.0.1 | 229.00 | 408.00 | 637.00 | NOTE | |
r-oldrel-macos-arm64 | 1.0.1 | 188.00 | NOTE | |||
r-oldrel-windows-x86_64 | 1.0.1 | 219.00 | 393.00 | 612.00 | NOTE |
Version: 1.0.1
Check: package dependencies
Result: NOTE
Package suggested but not available for checking: ‘gurobi’
Flavors: r-devel-linux-x86_64-debian-clang, r-devel-linux-x86_64-debian-gcc, r-devel-linux-x86_64-fedora-clang, r-devel-linux-x86_64-fedora-gcc, r-devel-windows-x86_64, r-patched-linux-x86_64, r-release-linux-x86_64, r-release-macos-arm64, r-release-macos-x86_64, r-release-windows-x86_64, r-oldrel-macos-arm64, r-oldrel-windows-x86_64
Version: 1.0.1
Check: installed package size
Result: NOTE
installed size is 7.4Mb
sub-directories of 1Mb or more:
doc 1.7Mb
extdata 4.2Mb
Flavors: r-devel-linux-x86_64-fedora-clang, r-devel-windows-x86_64, r-release-macos-arm64, r-release-macos-x86_64, r-release-windows-x86_64, r-oldrel-macos-arm64, r-oldrel-windows-x86_64