CRAN Package Check Results for Package rasterpdf

Last updated on 2023-09-23 01:54:22 CEST.

Flavor Version Tinstall Tcheck Ttotal Status Flags
r-devel-linux-x86_64-debian-clang 0.1.1 1.96 25.01 26.97 NOTE
r-devel-linux-x86_64-debian-gcc 0.1.1 1.64 19.62 21.26 NOTE
r-devel-linux-x86_64-fedora-clang 0.1.1 35.58 NOTE
r-devel-linux-x86_64-fedora-gcc 0.1.1 32.54 NOTE
r-devel-windows-x86_64 0.1.1 3.00 41.00 44.00 NOTE
r-patched-linux-x86_64 0.1.1 2.30 23.30 25.60 NOTE
r-release-linux-x86_64 0.1.1 1.90 23.41 25.31 NOTE
r-release-macos-arm64 0.1.1 15.00 NOTE
r-release-macos-x86_64 0.1.1 20.00 NOTE
r-release-windows-x86_64 0.1.1 4.00 41.00 45.00 NOTE
r-oldrel-macos-arm64 0.1.1 15.00 NOTE
r-oldrel-macos-x86_64 0.1.1 22.00 NOTE
r-oldrel-windows-x86_64 0.1.1 10.00 43.00 53.00 NOTE

Check Details

Version: 0.1.1
Check: LazyData
Result: NOTE
     'LazyData' is specified without a 'data' directory
Flavors: r-devel-linux-x86_64-debian-clang, r-devel-linux-x86_64-debian-gcc, r-devel-linux-x86_64-fedora-clang, r-devel-linux-x86_64-fedora-gcc, r-devel-windows-x86_64, r-patched-linux-x86_64, r-release-linux-x86_64, r-release-macos-arm64, r-release-macos-x86_64, r-release-windows-x86_64, r-oldrel-macos-arm64, r-oldrel-macos-x86_64, r-oldrel-windows-x86_64