CRAN Package Check Results for Package ratelimitr

Last updated on 2022-05-17 02:53:18 CEST.

Flavor Version Tinstall Tcheck Ttotal Status Flags
r-devel-linux-x86_64-debian-clang 0.4.1 2.48 36.98 39.46 NOTE
r-devel-linux-x86_64-debian-gcc 0.4.1 1.88 29.20 31.08 NOTE
r-devel-linux-x86_64-fedora-clang 0.4.1 47.85 NOTE
r-devel-linux-x86_64-fedora-gcc 0.4.1 46.65 NOTE
r-devel-windows-x86_64 0.4.1 35.00 76.00 111.00 NOTE
r-patched-linux-x86_64 0.4.1 2.61 35.96 38.57 NOTE
r-release-linux-x86_64 0.4.1 2.41 36.04 38.45 NOTE
r-release-macos-arm64 0.4.1 36.00 NOTE
r-release-macos-x86_64 0.4.1 44.00 NOTE
r-release-windows-x86_64 0.4.1 43.00 75.00 118.00 NOTE
r-oldrel-macos-arm64 0.4.1 43.00 NOTE
r-oldrel-macos-x86_64 0.4.1 47.00 NOTE
r-oldrel-windows-ix86+x86_64 0.4.1 6.00 67.00 73.00 NOTE

Check Details

Version: 0.4.1
Check: LazyData
Result: NOTE
     'LazyData' is specified without a 'data' directory
Flavors: r-devel-linux-x86_64-debian-clang, r-devel-linux-x86_64-debian-gcc, r-devel-linux-x86_64-fedora-clang, r-devel-linux-x86_64-fedora-gcc, r-devel-windows-x86_64, r-patched-linux-x86_64, r-release-linux-x86_64, r-release-macos-arm64, r-release-macos-x86_64, r-release-windows-x86_64, r-oldrel-macos-arm64, r-oldrel-macos-x86_64, r-oldrel-windows-ix86+x86_64