CRAN Package Check Results for Package raws.profile

Last updated on 2023-05-30 01:57:00 CEST.

Flavor Version Tinstall Tcheck Ttotal Status Flags
r-devel-linux-x86_64-debian-clang 0.1.0 2.82 30.44 33.26 NOTE
r-devel-linux-x86_64-debian-gcc 0.1.0 2.43 24.42 26.85 NOTE
r-devel-linux-x86_64-fedora-clang 0.1.0 43.49 NOTE
r-devel-linux-x86_64-fedora-gcc 0.1.0 41.16 NOTE
r-devel-windows-x86_64 0.1.0 5.00 46.00 51.00 NOTE
r-patched-linux-x86_64 0.1.0 2.51 29.87 32.38 NOTE
r-release-linux-x86_64 0.1.0 2.18 30.23 32.41 NOTE
r-release-macos-arm64 0.1.0 19.00 NOTE
r-release-macos-x86_64 0.1.0 25.00 NOTE
r-release-windows-x86_64 0.1.0 5.00 47.00 52.00 NOTE
r-oldrel-macos-arm64 0.1.0 16.00 NOTE
r-oldrel-macos-x86_64 0.1.0 21.00 NOTE
r-oldrel-windows-x86_64 0.1.0 6.00 50.00 56.00 NOTE

Check Details

Version: 0.1.0
Check: LazyData
Result: NOTE
     'LazyData' is specified without a 'data' directory
Flavors: r-devel-linux-x86_64-debian-clang, r-devel-linux-x86_64-debian-gcc, r-devel-linux-x86_64-fedora-clang, r-devel-linux-x86_64-fedora-gcc, r-devel-windows-x86_64, r-patched-linux-x86_64, r-release-linux-x86_64, r-release-macos-arm64, r-release-macos-x86_64, r-release-windows-x86_64, r-oldrel-macos-arm64, r-oldrel-macos-x86_64, r-oldrel-windows-x86_64

Version: 0.1.0
Check: dependencies in R code
Result: NOTE
    Namespace in Imports field not imported from: ‘withr’
     All declared Imports should be used.
Flavors: r-devel-linux-x86_64-fedora-clang, r-devel-linux-x86_64-fedora-gcc, r-oldrel-macos-arm64, r-oldrel-macos-x86_64