Last updated on 2025-04-30 02:50:49 CEST.
Flavor | Version | Tinstall | Tcheck | Ttotal | Status | Flags |
---|---|---|---|---|---|---|
r-devel-linux-x86_64-debian-clang | 0.2.2 | 65.41 | 41.49 | 106.90 | OK | |
r-devel-linux-x86_64-debian-gcc | 0.2.2 | 55.77 | 29.81 | 85.58 | OK | |
r-devel-linux-x86_64-fedora-clang | 0.2.2 | 190.84 | OK | |||
r-devel-linux-x86_64-fedora-gcc | 0.2.2 | 243.59 | OK | |||
r-devel-windows-x86_64 | 0.2.2 | 79.00 | 98.00 | 177.00 | OK | |
r-patched-linux-x86_64 | 0.2.2 | 78.78 | 38.66 | 117.44 | OK | |
r-release-linux-x86_64 | 0.2.2 | 75.41 | 39.01 | 114.42 | OK | |
r-release-macos-arm64 | 0.2.2 | 51.00 | OK | |||
r-release-macos-x86_64 | 0.2.2 | 100.00 | OK | |||
r-release-windows-x86_64 | 0.2.2 | 81.00 | 86.00 | 167.00 | OK | |
r-oldrel-macos-arm64 | 0.2.2 | 58.00 | NOTE | |||
r-oldrel-macos-x86_64 | 0.2.2 | 101.00 | NOTE | |||
r-oldrel-windows-x86_64 | 0.2.2 | 88.00 | 97.00 | 185.00 | OK |
Version: 0.2.2
Check: installed package size
Result: NOTE
installed size is 14.7Mb
sub-directories of 1Mb or more:
libs 14.4Mb
Flavors: r-oldrel-macos-arm64, r-oldrel-macos-x86_64