Last updated on 2024-03-28 01:54:08 CET.
Flavor | Version | Tinstall | Tcheck | Ttotal | Status | Flags |
---|---|---|---|---|---|---|
r-devel-linux-x86_64-debian-clang | 0.32.2 | 507.16 | 103.42 | 610.58 | WARN | |
r-devel-linux-x86_64-debian-gcc | 0.32.2 | 390.88 | 75.71 | 466.59 | OK | |
r-devel-linux-x86_64-fedora-clang | 0.32.2 | 909.23 | OK | |||
r-devel-linux-x86_64-fedora-gcc | 0.32.2 | 919.19 | OK | |||
r-devel-windows-x86_64 | 0.32.2 | 397.00 | 142.00 | 539.00 | OK | |
r-patched-linux-x86_64 | 0.32.2 | 485.86 | 96.72 | 582.58 | OK | |
r-release-linux-x86_64 | 0.32.2 | 373.78 | 97.80 | 471.58 | OK | |
r-release-macos-arm64 | 0.32.2 | 158.00 | NOTE | |||
r-release-macos-x86_64 | 0.32.2 | 164.00 | NOTE | |||
r-release-windows-x86_64 | 0.32.2 | 496.00 | 171.00 | 667.00 | OK | |
r-oldrel-macos-arm64 | 0.32.2 | 153.00 | NOTE | |||
r-oldrel-windows-x86_64 | 0.32.2 | 486.00 | 137.00 | 623.00 | OK |
Version: 0.32.2
Check: whether package can be installed
Result: WARN
Found the following significant warnings:
/usr/bin/../lib/gcc/x86_64-linux-gnu/14/../../../../include/c++/14/functional:558:2: warning: 'result_of<std::_Bind<(lambda at debug.cpp:163:19) (int)> &()>' is deprecated: use 'std::invoke_result' instead [-Wdeprecated-declarations]
/usr/bin/../lib/gcc/x86_64-linux-gnu/14/../../../../include/c++/14/functional:558:2: warning: 'result_of<std::_Bind<(lambda at debug.cpp:196:19) (int)> &()>' is deprecated: use 'std::invoke_result' instead [-Wdeprecated-declarations]
/usr/bin/../lib/gcc/x86_64-linux-gnu/14/../../../../include/c++/14/functional:558:2: warning: 'result_of<std::_Bind<(lambda at debug.cpp:230:19) (int)> &()>' is deprecated: use 'std::invoke_result' instead [-Wdeprecated-declarations]
/usr/bin/../lib/gcc/x86_64-linux-gnu/14/../../../../include/c++/14/functional:558:2: warning: 'result_of<std::_Bind<(lambda at debug.cpp:267:19) (int)> &()>' is deprecated: use 'std::invoke_result' instead [-Wdeprecated-declarations]
/usr/bin/../lib/gcc/x86_64-linux-gnu/14/../../../../include/c++/14/functional:558:2: warning: 'result_of<std::_Bind<(lambda at debug.cpp:302:19) (int)> &()>' is deprecated: use 'std::invoke_result' instead [-Wdeprecated-declarations]
/usr/bin/../lib/gcc/x86_64-linux-gnu/14/../../../../include/c++/14/functional:558:2: warning: 'result_of<std::_Bind<(lambda at debug.cpp:337:19) (int)> &()>' is deprecated: use 'std::invoke_result' instead [-Wdeprecated-declarations]
/usr/bin/../lib/gcc/x86_64-linux-gnu/14/../../../../include/c++/14/functional:558:2: warning: 'result_of<std::_Bind<(lambda at debug.cpp:374:19) (int)> &()>' is deprecated: use 'std::invoke_result' instead [-Wdeprecated-declarations]
/usr/bin/../lib/gcc/x86_64-linux-gnu/14/../../../../include/c++/14/functional:558:2: warning: 'result_of<std::_Bind<(lambda at debug.cpp:409:19) (int)> &()>' is deprecated: use 'std::invoke_result' instead [-Wdeprecated-declarations]
/usr/bin/../lib/gcc/x86_64-linux-gnu/14/../../../../include/c++/14/functional:558:2: warning: 'result_of<std::_Bind<(lambda at debug.cpp:446:19) (int)> &()>' is deprecated: use 'std::invoke_result' instead [-Wdeprecated-declarations]
/usr/bin/../lib/gcc/x86_64-linux-gnu/14/../../../../include/c++/14/functional:558:2: warning: 'result_of<std::_Bind<(lambda at debug.cpp:532:21) (unsigned long)> &()>' is deprecated: use 'std::invoke_result' instead [-Wdeprecated-declarations]
/usr/bin/../lib/gcc/x86_64-linux-gnu/14/../../../../include/c++/14/functional:558:2: warning: 'result_of<std::_Bind<(lambda at debug.cpp:586:19) (int)> &()>' is deprecated: use 'std::invoke_result' instead [-Wdeprecated-declarations]
/usr/bin/../lib/gcc/x86_64-linux-gnu/14/../../../../include/c++/14/functional:558:2: warning: 'result_of<std::_Bind<(lambda at integrator.cpp:129:21) (unsigned long)> &()>' is deprecated: use 'std::invoke_result' instead [-Wdeprecated-declarations]
/usr/bin/../lib/gcc/x86_64-linux-gnu/14/../../../../include/c++/14/functional:558:2: warning: 'result_of<std::_Bind<(lambda at integrator.cpp:188:21) (unsigned long)> &()>' is deprecated: use 'std::invoke_result' instead [-Wdeprecated-declarations]
See ‘/home/hornik/tmp/R.check/r-devel-clang/Work/PKGS/rayrender.Rcheck/00install.out’ for details.
* used C++ compiler: ‘Debian clang version 18.1.0 (rc4-1)’
Flavor: r-devel-linux-x86_64-debian-clang
Version: 0.32.2
Check: installed package size
Result: NOTE
installed size is 21.5Mb
sub-directories of 1Mb or more:
libs 20.8Mb
Flavors: r-release-macos-arm64, r-release-macos-x86_64, r-oldrel-macos-arm64