Last updated on 2024-08-16 01:48:27 CEST.
Flavor | Version | Tinstall | Tcheck | Ttotal | Status | Flags |
---|---|---|---|---|---|---|
r-devel-linux-x86_64-debian-clang | 1.2.1 | 414.09 | 191.49 | 605.58 | NOTE | |
r-devel-linux-x86_64-debian-gcc | 1.2.1 | 309.55 | 160.72 | 470.27 | NOTE | |
r-devel-linux-x86_64-fedora-clang | 1.2.1 | 911.66 | NOTE | |||
r-devel-linux-x86_64-fedora-gcc | 1.2.1 | 1170.08 | NOTE | |||
r-devel-windows-x86_64 | 1.2.1 | 359.00 | 238.00 | 597.00 | NOTE | |
r-patched-linux-x86_64 | 1.2.1 | 416.87 | 215.43 | 632.30 | NOTE | |
r-release-linux-x86_64 | 1.2.1 | 406.52 | 215.45 | 621.97 | NOTE | |
r-release-macos-arm64 | 1.2.1 | 247.00 | NOTE | |||
r-release-macos-x86_64 | 1.2.1 | 267.00 | NOTE | |||
r-release-windows-x86_64 | 1.2.1 | 367.00 | 235.00 | 602.00 | NOTE | |
r-oldrel-macos-arm64 | 1.2.1 | 174.00 | NOTE | |||
r-oldrel-macos-x86_64 | 1.2.1 | 184.00 | NOTE | |||
r-oldrel-windows-x86_64 | 1.2.1 | 466.00 | 280.00 | 746.00 | NOTE |
Version: 1.2.1
Check: for GNU extensions in Makefiles
Result: NOTE
GNU make is a SystemRequirements.
Flavors: r-devel-linux-x86_64-debian-clang, r-devel-linux-x86_64-debian-gcc, r-devel-linux-x86_64-fedora-clang, r-devel-linux-x86_64-fedora-gcc, r-devel-windows-x86_64, r-patched-linux-x86_64, r-release-linux-x86_64, r-release-macos-arm64, r-release-macos-x86_64, r-release-windows-x86_64, r-oldrel-macos-arm64, r-oldrel-macos-x86_64, r-oldrel-windows-x86_64
Version: 1.2.1
Check: installed package size
Result: NOTE
installed size is 5.9Mb
sub-directories of 1Mb or more:
libs 5.3Mb
Flavors: r-devel-linux-x86_64-fedora-clang, r-release-macos-arm64, r-release-macos-x86_64, r-oldrel-macos-arm64, r-oldrel-macos-x86_64