CRAN Package Check Results for Package rbtt

Last updated on 2025-05-18 02:49:46 CEST.

Flavor Version Tinstall Tcheck Ttotal Status Flags
r-devel-linux-x86_64-debian-clang 0.1.0 2.43 24.01 26.44 OK
r-devel-linux-x86_64-debian-gcc 0.1.0 1.55 19.18 20.73 OK
r-devel-linux-x86_64-fedora-clang 0.1.0 42.34 OK
r-devel-linux-x86_64-fedora-gcc 0.1.0 40.14 OK
r-devel-windows-x86_64 0.1.0 3.00 50.00 53.00 OK
r-patched-linux-x86_64 0.1.0 2.04 21.95 23.99 OK
r-release-linux-x86_64 0.1.0 2.16 21.66 23.82 OK
r-release-macos-arm64 0.1.0 19.00 OK
r-release-macos-x86_64 0.1.0 36.00 OK
r-release-windows-x86_64 0.1.0 3.00 56.00 59.00 OK
r-oldrel-macos-arm64 0.1.0 19.00 NOTE
r-oldrel-macos-x86_64 0.1.0 26.00 NOTE
r-oldrel-windows-x86_64 0.1.0 3.00 52.00 55.00 NOTE

Check Details

Version: 0.1.0
Check: LazyData
Result: NOTE 'LazyData' is specified without a 'data' directory Flavors: r-oldrel-macos-arm64, r-oldrel-macos-x86_64, r-oldrel-windows-x86_64