CRAN Package Check Results for Package rbtt

Last updated on 2025-11-15 03:50:24 CET.

Flavor Version Tinstall Tcheck Ttotal Status Flags
r-devel-linux-x86_64-debian-clang 0.1.0 2.31 26.26 28.57 OK
r-devel-linux-x86_64-debian-gcc 0.1.0 1.57 21.18 22.75 OK
r-devel-linux-x86_64-fedora-clang 0.1.0 40.17 OK
r-devel-linux-x86_64-fedora-gcc 0.1.0 38.38 OK
r-devel-windows-x86_64 0.1.0 5.00 46.00 51.00 OK
r-patched-linux-x86_64 0.1.0 2.28 23.25 25.53 OK
r-release-linux-x86_64 0.1.0 2.18 23.50 25.68 OK
r-release-macos-arm64 0.1.0 1.00 18.00 19.00 OK
r-release-macos-x86_64 0.1.0 2.00 34.00 36.00 OK
r-release-windows-x86_64 0.1.0 3.00 48.00 51.00 OK
r-oldrel-macos-arm64 0.1.0 1.00 18.00 19.00 NOTE
r-oldrel-macos-x86_64 0.1.0 2.00 24.00 26.00 NOTE
r-oldrel-windows-x86_64 0.1.0 3.00 53.00 56.00 NOTE

Check Details

Version: 0.1.0
Check: LazyData
Result: NOTE 'LazyData' is specified without a 'data' directory Flavors: r-oldrel-macos-arm64, r-oldrel-macos-x86_64, r-oldrel-windows-x86_64