Last updated on 2022-06-28 01:51:41 CEST.
Flavor | Version | Tinstall | Tcheck | Ttotal | Status | Flags |
---|---|---|---|---|---|---|
r-devel-linux-x86_64-debian-clang | 1.1.0 | 12.66 | 256.32 | 268.98 | OK | |
r-devel-linux-x86_64-debian-gcc | 1.1.0 | 9.19 | 184.45 | 193.64 | OK | |
r-devel-linux-x86_64-fedora-clang | 1.1.0 | 316.35 | NOTE | |||
r-devel-linux-x86_64-fedora-gcc | 1.1.0 | 317.68 | NOTE | |||
r-devel-windows-x86_64 | 1.1.0 | 76.00 | 264.00 | 340.00 | OK | |
r-patched-linux-x86_64 | 1.1.0 | 9.81 | 239.38 | 249.19 | OK | |
r-release-linux-x86_64 | 1.1.0 | 7.75 | 243.44 | 251.19 | OK | |
r-release-macos-arm64 | 1.1.0 | 73.00 | OK | |||
r-release-macos-x86_64 | 1.1.0 | 130.00 | OK | |||
r-release-windows-x86_64 | 1.1.0 | 75.00 | 267.00 | 342.00 | OK | |
r-oldrel-macos-arm64 | 1.1.0 | 86.00 | OK | |||
r-oldrel-macos-x86_64 | 1.1.0 | 119.00 | OK | |||
r-oldrel-windows-ix86+x86_64 | 1.1.0 | 23.00 | 294.00 | 317.00 | OK |
Version: 1.1.0
Check: package dependencies
Result: NOTE
Suggests orphaned package: ‘bibtex’
Flavors: r-devel-linux-x86_64-fedora-clang, r-devel-linux-x86_64-fedora-gcc