CRAN Package Check Results for Package rdataretriever

Last updated on 2020-06-02 11:48:16 CEST.

Flavor Version Tinstall Tcheck Ttotal Status Flags
r-devel-linux-x86_64-debian-clang 2.0.0 11.60 113.46 125.06 OK
r-devel-linux-x86_64-debian-gcc 2.0.0 9.98 89.35 99.33 OK
r-devel-linux-x86_64-fedora-clang 2.0.0 181.14 OK
r-devel-linux-x86_64-fedora-gcc 2.0.0 193.12 OK
r-devel-windows-ix86+x86_64 2.0.0 28.00 108.00 136.00 OK
r-patched-linux-x86_64 2.0.0 12.25 111.77 124.02 OK
r-patched-solaris-x86 2.0.0 144.80 OK
r-release-linux-x86_64 2.0.0 12.43 112.02 124.45 OK
r-release-osx-x86_64 2.0.0 OK
r-release-windows-ix86+x86_64 2.0.0 25.00 131.00 156.00 NOTE
r-oldrel-osx-x86_64 2.0.0 OK
r-oldrel-windows-ix86+x86_64 2.0.0 30.00 140.00 170.00 NOTE

Check Details

Version: 2.0.0
Check: whether the namespace can be loaded with stated dependencies
Result: NOTE
    Warning in system2(command = python, args = paste0("\"", config_script, :
     running command '"C:/Users/CRAN/AppData/Local/r-miniconda/envs/r-reticulate/python.exe" "d:/RCompile/CRANpkg/lib/4.0/reticulate/config/config.py"' had status 2
    
    A namespace must be able to be loaded with just the base namespace
    loaded: otherwise if the namespace gets loaded by a saved object, the
    session will be unable to start.
    
    Probably some imports need to be declared in the NAMESPACE file.
Flavor: r-release-windows-ix86+x86_64

Version: 2.0.0
Check: whether the namespace can be loaded with stated dependencies
Result: NOTE
    Warning in system2(command = python, args = paste0("\"", config_script, :
     running command '"C:/Users/CRAN/AppData/Local/r-miniconda/envs/r-reticulate/python.exe" "d:/RCompile/CRANpkg/lib/3.6/reticulate/config/config.py"' had status 2
    
    A namespace must be able to be loaded with just the base namespace
    loaded: otherwise if the namespace gets loaded by a saved object, the
    session will be unable to start.
    
    Probably some imports need to be declared in the NAMESPACE file.
Flavor: r-oldrel-windows-ix86+x86_64