CRAN Package Check Results for Package rdflib

Last updated on 2022-01-29 01:49:47 CET.

Flavor Version Tinstall Tcheck Ttotal Status Flags
r-devel-linux-x86_64-debian-clang 0.2.4 8.46 94.73 103.19 ERROR
r-devel-linux-x86_64-debian-gcc 0.2.4 4.80 69.48 74.28 OK
r-devel-linux-x86_64-fedora-clang 0.2.4 110.59 OK
r-devel-linux-x86_64-fedora-gcc 0.2.4 103.18 OK
r-devel-windows-x86_64-new-UL 0.2.4 42.00 117.00 159.00 OK
r-devel-windows-x86_64-new-TK 0.2.4 OK
r-patched-linux-x86_64 0.2.4 7.06 81.40 88.46 OK
r-release-linux-x86_64 0.2.4 6.21 79.43 85.64 OK
r-release-macos-arm64 0.2.4 OK
r-release-macos-x86_64 0.2.4 OK
r-release-windows-ix86+x86_64 0.2.4 21.00 102.00 123.00 ERROR
r-oldrel-macos-x86_64 0.2.4 OK
r-oldrel-windows-ix86+x86_64 0.2.4 21.00 111.00 132.00 ERROR

Check Details

Version: 0.2.4
Check: tests
Result: ERROR
     Running 'spelling.R' [0s/1s]
     Running 'testthat.R' [6s/9s]
    Running the tests in 'tests/testthat.R' failed.
    Complete output:
     > library(testthat)
     > library(rdflib)
     >
     > test_check("rdflib")
     librdf error - XML parser error: Extra content at the end of the document
     [ FAIL 1 | WARN 0 | SKIP 6 | PASS 56 ]
    
     == Skipped tests ===============================================================
     * No test for SPARQL CONSTRUCT (1)
     * On CRAN (4)
     * rdf_has_bdb() is TRUE (1)
    
     == Failed tests ================================================================
     -- Failure (test-rdf_add.R:10:3): we can print.rdf UTF-8 -----------------------
     `print\(r\)` does not match "Maëlle".
     Actual value: "Total of 1 triples, stored in hashes\\n-------------------------------\\n_:r1643344045r366521r1 <http://schema\.org/name> "Ma\\xeblle Salmon" \."
     Backtrace:
     x
     1. \-testthat::expect_output(print(r), "Maëlle") at test-rdf_add.R:10:2
     2. \-testthat::expect_match(...)
     3. \-testthat:::expect_match_(...)
    
     [ FAIL 1 | WARN 0 | SKIP 6 | PASS 56 ]
     Error: Test failures
     Execution halted
Flavor: r-devel-linux-x86_64-debian-clang

Version: 0.2.4
Check: tests
Result: ERROR
     Running 'spelling.R' [0s]
     Running 'testthat.R' [7s]
    Running the tests in 'tests/testthat.R' failed.
    Complete output:
     > library(testthat)
     > library(rdflib)
     >
     > test_check("rdflib")
     [ FAIL 1 | WARN 0 | SKIP 6 | PASS 54 ]
    
     == Skipped tests ===============================================================
     * No test for SPARQL CONSTRUCT (1)
     * On CRAN (4)
     * rdf_has_bdb() is not TRUE (1)
    
     == Failed tests ================================================================
     -- Failure (test-rdf_add.R:10:3): we can print.rdf UTF-8 -----------------------
     `print\(r\)` does not match "Maëlle".
     Actual value: "Total of 1 triples, stored in hashes\\n-------------------------------\\n_:r1642890057r74744r1 <http://schema\.org/name> "Ma\\xeblle Salmon" \."
     Backtrace:
     x
     1. \-testthat::expect_output(print(r), "Maëlle") test-rdf_add.R:10:2
     2. \-testthat::expect_match(...)
     3. \-testthat:::expect_match_(...)
    
     [ FAIL 1 | WARN 0 | SKIP 6 | PASS 54 ]
     librdf error - XML parser error: Extra content at the end of the document
     Error: Test failures
     Execution halted
Flavor: r-release-windows-ix86+x86_64

Version: 0.2.4
Check: tests
Result: ERROR
     Running 'spelling.R' [0s]
     Running 'testthat.R' [8s]
    Running the tests in 'tests/testthat.R' failed.
    Complete output:
     > library(testthat)
     > library(rdflib)
     >
     > test_check("rdflib")
     [ FAIL 1 | WARN 0 | SKIP 6 | PASS 54 ]
    
     == Skipped tests ===============================================================
     * No test for SPARQL CONSTRUCT (1)
     * On CRAN (4)
     * rdf_has_bdb() is not TRUE (1)
    
     == Failed tests ================================================================
     -- Failure (test-rdf_add.R:10:3): we can print.rdf UTF-8 -----------------------
     `print\(r\)` does not match "Maëlle".
     Actual value: "Total of 1 triples, stored in hashes\\n-------------------------------\\n_:r1642889592r6808r1 <http://schema\.org/name> "Ma\\xeblle Salmon" \."
     Backtrace:
     x
     1. \-testthat::expect_output(print(r), "Maëlle") test-rdf_add.R:10:2
     2. \-testthat::expect_match(...)
     3. \-testthat:::expect_match_(...)
    
     [ FAIL 1 | WARN 0 | SKIP 6 | PASS 54 ]
     librdf error - XML parser error: Extra content at the end of the document
     Error: Test failures
     Execution halted
Flavor: r-oldrel-windows-ix86+x86_64