CRAN Package Check Results for Package readMzXmlData

Last updated on 2022-12-10 01:51:26 CET.

Flavor Version Tinstall Tcheck Ttotal Status Flags
r-devel-linux-x86_64-debian-clang 2.8.2 3.18 36.05 39.23 OK
r-devel-linux-x86_64-debian-gcc 2.8.2 3.14 28.87 32.01 OK
r-devel-linux-x86_64-fedora-clang 2.8.2 61.50 NOTE
r-devel-linux-x86_64-fedora-gcc 2.8.2 57.07 OK
r-devel-windows-x86_64 2.8.2 26.00 67.00 93.00 OK
r-patched-linux-x86_64 2.8.2 3.54 34.47 38.01 OK
r-release-linux-x86_64 2.8.2 3.12 34.01 37.13 OK
r-release-macos-arm64 2.8.2 19.00 OK
r-release-macos-x86_64 2.8.2 26.00 OK
r-release-windows-x86_64 2.8.2 24.00 68.00 92.00 OK
r-oldrel-macos-arm64 2.8.1 22.00 OK
r-oldrel-macos-x86_64 2.8.1 33.00 OK
r-oldrel-windows-ix86+x86_64 2.8.1 7.00 55.00 62.00 OK

Check Details

Version: 2.8.2
Check: Rd cross-references
Result: NOTE
    Undeclared package ‘MALDIquantForeign’ in Rd xrefs
Flavor: r-devel-linux-x86_64-fedora-clang