CRAN Package Check Results for Package readtextgrid

Last updated on 2022-01-19 01:47:45 CET.

Flavor Version Tinstall Tcheck Ttotal Status Flags
r-devel-linux-x86_64-debian-clang 0.1.1 1.97 34.25 36.22 NOTE
r-devel-linux-x86_64-debian-gcc 0.1.1 1.46 26.73 28.19 NOTE
r-devel-linux-x86_64-fedora-clang 0.1.1 44.65 NOTE
r-devel-linux-x86_64-fedora-gcc 0.1.1 33.49 NOTE
r-devel-windows-x86_64-new-UL 0.1.1 92.00 58.00 150.00 NOTE
r-devel-windows-x86_64-new-TK 0.1.1 NOTE
r-patched-linux-x86_64 0.1.1 1.82 32.64 34.46 NOTE
r-release-linux-x86_64 0.1.1 NOTE
r-release-macos-arm64 0.1.1 NOTE
r-release-macos-x86_64 0.1.1 NOTE
r-release-windows-ix86+x86_64 0.1.1 7.00 41.00 48.00 NOTE
r-oldrel-macos-x86_64 0.1.1 OK
r-oldrel-windows-ix86+x86_64 0.1.1 6.00 42.00 48.00 OK

Check Details

Version: 0.1.1
Check: LazyData
Result: NOTE
     'LazyData' is specified without a 'data' directory
Flavors: r-devel-linux-x86_64-debian-clang, r-devel-linux-x86_64-debian-gcc, r-devel-linux-x86_64-fedora-clang, r-devel-linux-x86_64-fedora-gcc, r-devel-windows-x86_64-new-UL, r-devel-windows-x86_64-new-TK, r-patched-linux-x86_64, r-release-linux-x86_64, r-release-macos-arm64, r-release-macos-x86_64, r-release-windows-ix86+x86_64