Last updated on 2024-04-23 01:57:12 CEST.
Flavor | Version | Tinstall | Tcheck | Ttotal | Status | Flags |
---|---|---|---|---|---|---|
r-devel-linux-x86_64-debian-clang | 2.15.0 | 53.48 | 261.59 | 315.07 | OK | |
r-devel-linux-x86_64-debian-gcc | 2.15.0 | 47.98 | 182.22 | 230.20 | OK | |
r-devel-linux-x86_64-fedora-clang | 2.15.0 | 377.09 | OK | |||
r-devel-linux-x86_64-fedora-gcc | 2.15.0 | 403.30 | OK | |||
r-prerel-macos-arm64 | 2.15.0 | 100.00 | NOTE | |||
r-prerel-windows-x86_64 | 2.15.0 | 43.00 | 254.00 | 297.00 | OK | |
r-patched-linux-x86_64 | 2.15.0 | 57.87 | 243.37 | 301.24 | OK | |
r-release-linux-x86_64 | 2.15.0 | 51.03 | 255.60 | 306.63 | OK | |
r-release-macos-arm64 | 2.15.0 | 150.00 | NOTE | |||
r-release-macos-x86_64 | 2.15.0 | 349.00 | NOTE | |||
r-release-windows-x86_64 | 2.15.0 | 49.00 | 313.00 | 362.00 | OK | |
r-oldrel-macos-arm64 | 2.15.0 | 164.00 | NOTE | |||
r-oldrel-windows-x86_64 | 2.15.0 | 54.00 | 260.00 | 314.00 | OK |
Version: 2.15.0
Check: installed package size
Result: NOTE
installed size is 5.6Mb
sub-directories of 1Mb or more:
R 2.1Mb
data 1.7Mb
Flavors: r-prerel-macos-arm64, r-release-macos-arm64, r-release-macos-x86_64, r-oldrel-macos-arm64