Last updated on 2025-11-01 01:50:41 CET.
| Flavor | Version | Tinstall | Tcheck | Ttotal | Status | Flags |
|---|---|---|---|---|---|---|
| r-devel-linux-x86_64-debian-clang | 0.3.0 | 39.46 | 62.71 | 102.17 | OK | |
| r-devel-linux-x86_64-debian-gcc | 0.3.0 | 31.06 | 46.65 | 77.71 | OK | |
| r-devel-linux-x86_64-fedora-clang | 0.3.0 | 55.00 | 121.64 | 176.64 | OK | |
| r-devel-linux-x86_64-fedora-gcc | 0.3.0 | 58.00 | 132.14 | 190.14 | OK | |
| r-devel-windows-x86_64 | 0.3.0 | 49.00 | 93.00 | 142.00 | OK | |
| r-patched-linux-x86_64 | 0.3.0 | 46.50 | 57.66 | 104.16 | OK | |
| r-release-linux-x86_64 | 0.3.0 | 46.63 | 58.00 | 104.63 | OK | |
| r-release-macos-arm64 | 0.3.0 | 14.00 | 38.00 | 52.00 | OK | |
| r-release-macos-x86_64 | 0.3.0 | 15.00 | 61.00 | 76.00 | OK | |
| r-release-windows-x86_64 | 0.3.0 | 54.00 | 94.00 | 148.00 | OK | |
| r-oldrel-macos-arm64 | 0.3.0 | 17.00 | 37.00 | 54.00 | NOTE | |
| r-oldrel-macos-x86_64 | 0.3.0 | 14.00 | 55.00 | 69.00 | NOTE | |
| r-oldrel-windows-x86_64 | 0.3.0 | 58.00 | 117.00 | 175.00 | OK |
Version: 0.3.0
Check: installed package size
Result: NOTE
installed size is 5.1Mb
sub-directories of 1Mb or more:
doc 2.5Mb
libs 2.5Mb
Flavors: r-oldrel-macos-arm64, r-oldrel-macos-x86_64