CRAN Package Check Results for Package recommenderlabBX

Last updated on 2020-03-29 19:48:41 CEST.

Flavor Version Tinstall Tcheck Ttotal Status Flags
r-devel-linux-x86_64-debian-clang 0.1-1 OK
r-devel-linux-x86_64-debian-gcc 0.1-1 6.11 44.05 50.16 OK
r-devel-linux-x86_64-fedora-clang 0.1-1 74.58 NOTE
r-devel-linux-x86_64-fedora-gcc 0.1-1 74.89 OK
r-devel-windows-ix86+x86_64 0.1-1 16.00 59.00 75.00 NOTE
r-devel-windows-ix86+x86_64-gcc8 0.1-1 15.00 65.00 80.00 NOTE
r-patched-linux-x86_64 0.1-1 6.94 54.54 61.48 OK
r-patched-solaris-x86 0.1-1 116.80 NOTE
r-release-linux-x86_64 0.1-1 4.77 49.33 54.10 OK
r-release-windows-ix86+x86_64 0.1-1 19.00 87.00 106.00 NOTE
r-release-osx-x86_64 0.1-1 NOTE
r-oldrel-windows-ix86+x86_64 0.1-1 11.00 83.00 94.00 NOTE
r-oldrel-osx-x86_64 0.1-1 NOTE

Check Details

Version: 0.1-1
Check: installed package size
Result: NOTE
     installed size is 8.9Mb
     sub-directories of 1Mb or more:
     data 8.8Mb
Flavors: r-devel-linux-x86_64-fedora-clang, r-devel-windows-ix86+x86_64, r-devel-windows-ix86+x86_64-gcc8, r-patched-solaris-x86, r-release-windows-ix86+x86_64, r-release-osx-x86_64, r-oldrel-windows-ix86+x86_64, r-oldrel-osx-x86_64