CRAN Package Check Results for Package reda

Last updated on 2022-09-26 01:52:55 CEST.

Flavor Version Tinstall Tcheck Ttotal Status Flags
r-devel-linux-x86_64-debian-clang 0.5.4 65.38 112.77 178.15 OK
r-devel-linux-x86_64-debian-gcc 0.5.4 57.57 82.98 140.55 OK
r-devel-linux-x86_64-fedora-clang 0.5.4 239.01 OK
r-devel-linux-x86_64-fedora-gcc 0.5.4 227.54 OK
r-devel-windows-x86_64 0.5.4 84.00 172.00 256.00 NOTE
r-patched-linux-x86_64 0.5.4 57.47 102.36 159.83 OK
r-release-linux-x86_64 0.5.4 56.13 103.65 159.78 OK
r-release-macos-arm64 0.5.4 65.00 NOTE
r-release-macos-x86_64 0.5.4 83.00 NOTE
r-release-windows-x86_64 0.5.4 76.00 167.00 243.00 NOTE
r-oldrel-macos-arm64 0.5.4 61.00 NOTE
r-oldrel-macos-x86_64 0.5.4 87.00 NOTE
r-oldrel-windows-ix86+x86_64 0.5.4 163.00 185.00 348.00 NOTE

Check Details

Version: 0.5.4
Check: installed package size
Result: NOTE
     installed size is 5.0Mb
     sub-directories of 1Mb or more:
     doc 3.3Mb
     libs 1.1Mb
Flavors: r-devel-windows-x86_64, r-release-macos-arm64, r-release-macos-x86_64, r-release-windows-x86_64, r-oldrel-macos-arm64, r-oldrel-macos-x86_64, r-oldrel-windows-ix86+x86_64