Last updated on 2022-05-16 02:51:11 CEST.
Flavor | Version | Tinstall | Tcheck | Ttotal | Status | Flags |
---|---|---|---|---|---|---|
r-devel-linux-x86_64-debian-clang | 1.0.17-16 | 12.53 | 84.13 | 96.66 | OK | |
r-devel-linux-x86_64-debian-gcc | 1.0.17-16 | 11.60 | 64.56 | 76.16 | OK | |
r-devel-linux-x86_64-fedora-clang | 1.0.17-16 | 121.19 | OK | |||
r-devel-linux-x86_64-fedora-gcc | 1.0.17-16 | 112.63 | OK | |||
r-devel-windows-x86_64 | 1.0.17-16 | 140.00 | 135.00 | 275.00 | OK | |
r-patched-linux-x86_64 | 1.0.17-16 | 15.28 | 76.84 | 92.12 | OK | |
r-release-linux-x86_64 | 1.0.17-16 | 11.94 | 77.24 | 89.18 | OK | |
r-release-macos-arm64 | 1.0.17-16 | 38.00 | OK | |||
r-release-macos-x86_64 | 1.0.17-16 | 50.00 | OK | |||
r-release-windows-x86_64 | 1.0.17-16 | 192.00 | 144.00 | 336.00 | OK | |
r-oldrel-macos-arm64 | 1.0.17-16 | 36.00 | NOTE | |||
r-oldrel-macos-x86_64 | 1.0.17-16 | 50.00 | OK | |||
r-oldrel-windows-ix86+x86_64 | 1.0.17-16 | 38.00 | 132.00 | 170.00 | NOTE |
Version: 1.0.17-16
Check: installed package size
Result: NOTE
installed size is 7.7Mb
sub-directories of 1Mb or more:
libs 6.7Mb
Flavors: r-oldrel-macos-arm64, r-oldrel-windows-ix86+x86_64