Last updated on 2024-03-28 01:54:08 CET.
Flavor | Version | Tinstall | Tcheck | Ttotal | Status | Flags |
---|---|---|---|---|---|---|
r-devel-linux-x86_64-debian-clang | 1.0.17-18 | 15.78 | 87.87 | 103.65 | OK | |
r-devel-linux-x86_64-debian-gcc | 1.0.17-18 | 12.02 | 66.02 | 78.04 | OK | |
r-devel-linux-x86_64-fedora-clang | 1.0.17-18 | 125.40 | OK | |||
r-devel-linux-x86_64-fedora-gcc | 1.0.17-18 | 138.34 | OK | |||
r-devel-windows-x86_64 | 1.0.17-18 | 31.00 | 226.00 | 257.00 | NOTE | |
r-patched-linux-x86_64 | 1.0.17-18 | 19.60 | 83.04 | 102.64 | OK | |
r-release-linux-x86_64 | 1.0.17-18 | 15.41 | 83.63 | 99.04 | OK | |
r-release-macos-arm64 | 1.0.17-18 | 57.00 | OK | |||
r-release-macos-x86_64 | 1.0.17-18 | 95.00 | OK | |||
r-release-windows-x86_64 | 1.0.17-18 | 37.00 | 254.00 | 291.00 | NOTE | |
r-oldrel-macos-arm64 | 1.0.17-18 | 49.00 | OK | |||
r-oldrel-windows-x86_64 | 1.0.17-18 | 24.00 | 150.00 | 174.00 | OK |
Version: 1.0.17-18
Check: installed package size
Result: NOTE
installed size is 12.7Mb
sub-directories of 1Mb or more:
libs 11.7Mb
Flavors: r-devel-windows-x86_64, r-release-windows-x86_64