Last updated on 2024-04-24 01:52:23 CEST.
Flavor | Version | Tinstall | Tcheck | Ttotal | Status | Flags |
---|---|---|---|---|---|---|
r-devel-linux-x86_64-debian-clang | 1.2-7 | 10.98 | 74.85 | 85.83 | OK | |
r-devel-linux-x86_64-debian-gcc | 1.2-7 | 7.84 | 55.84 | 63.68 | OK | |
r-devel-linux-x86_64-fedora-clang | 1.2-7 | 99.64 | NOTE | |||
r-devel-linux-x86_64-fedora-gcc | 1.2-7 | 95.84 | OK | |||
r-prerel-macos-arm64 | 1.2-7 | 35.00 | OK | |||
r-prerel-windows-x86_64 | 1.2-7 | 13.00 | 72.00 | 85.00 | OK | |
r-patched-linux-x86_64 | 1.2-7 | 7.23 | 71.82 | 79.05 | OK | |
r-release-linux-x86_64 | 1.2-7 | 10.01 | 75.19 | 85.20 | OK | |
r-release-macos-arm64 | 1.2-7 | 38.00 | OK | |||
r-release-macos-x86_64 | 1.2-7 | 86.00 | OK | |||
r-release-windows-x86_64 | 1.2-7 | 15.00 | 82.00 | 97.00 | OK | |
r-oldrel-macos-arm64 | 1.2-7 | 36.00 | OK | |||
r-oldrel-windows-x86_64 | 1.2-7 | 15.00 | 86.00 | 101.00 | OK |
Version: 1.2-7
Check: Rd cross-references
Result: NOTE
Undeclared package ‘monomvn’ in Rd xrefs
Flavor: r-devel-linux-x86_64-fedora-clang