Last updated on 2024-08-16 01:48:27 CEST.
Flavor | Version | Tinstall | Tcheck | Ttotal | Status | Flags |
---|---|---|---|---|---|---|
r-devel-linux-x86_64-debian-clang | 1.0.1 | 9.05 | 184.12 | 193.17 | OK | |
r-devel-linux-x86_64-debian-gcc | 1.0.1 | 7.49 | 124.69 | 132.18 | OK | |
r-devel-linux-x86_64-fedora-clang | 1.0.1 | 310.86 | NOTE | |||
r-devel-linux-x86_64-fedora-gcc | 1.0.1 | 320.75 | NOTE | |||
r-devel-windows-x86_64 | 1.0.1 | 10.00 | 188.00 | 198.00 | OK | |
r-patched-linux-x86_64 | 1.0.1 | 8.91 | 173.72 | 182.63 | OK | |
r-release-linux-x86_64 | 1.0.1 | 9.45 | 175.55 | 185.00 | OK | |
r-release-macos-arm64 | 1.0.1 | 114.00 | OK | |||
r-release-macos-x86_64 | 1.0.1 | 188.00 | OK | |||
r-release-windows-x86_64 | 1.0.1 | 10.00 | 188.00 | 198.00 | OK | |
r-oldrel-macos-arm64 | 1.0.1 | 104.00 | OK | |||
r-oldrel-macos-x86_64 | 1.0.1 | 212.00 | OK | |||
r-oldrel-windows-x86_64 | 1.0.1 | 12.00 | 238.00 | 250.00 | OK |
Version: 1.0.1
Check: dependencies in R code
Result: NOTE
Namespace in Imports field not imported from: ‘Deriv’
All declared Imports should be used.
Flavors: r-devel-linux-x86_64-fedora-clang, r-devel-linux-x86_64-fedora-gcc