Last updated on 2025-10-22 01:51:36 CEST.
Flavor | Version | Tinstall | Tcheck | Ttotal | Status | Flags |
---|---|---|---|---|---|---|
r-devel-linux-x86_64-debian-clang | 0.1.3 | 35.76 | 300.52 | 336.28 | NOTE | |
r-devel-linux-x86_64-debian-gcc | 0.1.3 | 20.45 | 190.02 | 210.47 | NOTE | |
r-devel-linux-x86_64-fedora-clang | 0.1.3 | 84.00 | 451.81 | 535.81 | OK | |
r-devel-linux-x86_64-fedora-gcc | 0.1.3 | 83.00 | 429.16 | 512.16 | OK | |
r-devel-windows-x86_64 | 0.1.3 | 32.00 | 226.00 | 258.00 | OK | |
r-patched-linux-x86_64 | 0.1.3 | 32.99 | 282.06 | 315.05 | OK | |
r-release-linux-x86_64 | 0.1.3 | 32.49 | 285.70 | 318.19 | OK | |
r-release-macos-arm64 | 0.1.3 | 13.00 | 88.00 | 101.00 | OK | |
r-release-macos-x86_64 | 0.1.3 | 28.00 | 210.00 | 238.00 | OK | |
r-release-windows-x86_64 | 0.1.3 | 33.00 | 222.00 | 255.00 | OK | |
r-oldrel-macos-arm64 | 0.1.3 | 12.00 | 87.00 | 99.00 | OK | |
r-oldrel-macos-x86_64 | 0.1.3 | 19.00 | 140.00 | 159.00 | OK | |
r-oldrel-windows-x86_64 | 0.1.3 | 44.00 | 307.00 | 351.00 | OK |
Version: 0.1.3
Check: HTML version of manual
Result: NOTE
Found the following HTML validation problems:
add.n.r.html:46:1 (add.n.r.Rd:10): Warning: missing </ul> before </div>
add.pr.html:54:1 (add.pr.Rd:14): Warning: missing </ul> before </div>
add.sig.html:50:1 (add.sig.Rd:12): Warning: missing </ul> before </div>
scale_01.html:46:1 (scale_01.Rd:10): Warning: missing </ul> before </div>
test_coef_equality.html:65:1 (test_coef_equality.Rd:22): Warning: missing </ul> before </div>
Flavors: r-devel-linux-x86_64-debian-clang, r-devel-linux-x86_64-debian-gcc