CRAN Package Check Results for Package relations

Last updated on 2019-12-09 03:47:13 CET.

Flavor Version Tinstall Tcheck Ttotal Status Flags
r-devel-linux-x86_64-debian-clang 0.6-9 11.21 76.65 87.86 OK
r-devel-linux-x86_64-debian-gcc 0.6-9 9.63 59.19 68.82 OK
r-devel-linux-x86_64-fedora-clang 0.6-9 105.14 NOTE
r-devel-linux-x86_64-fedora-gcc 0.6-9 105.31 NOTE
r-devel-windows-ix86+x86_64 0.6-9 17.00 123.00 140.00 NOTE
r-devel-windows-ix86+x86_64-gcc8 0.6-9 15.00 131.00 146.00 NOTE
r-patched-linux-x86_64 0.6-9 9.40 69.30 78.70 OK
r-patched-solaris-x86 0.6-9 130.20 NOTE
r-release-linux-x86_64 0.6-9 9.43 70.04 79.47 OK
r-release-windows-ix86+x86_64 0.6-9 21.00 90.00 111.00 NOTE
r-release-osx-x86_64 0.6-9 NOTE
r-oldrel-windows-ix86+x86_64 0.6-9 12.00 89.00 101.00 NOTE
r-oldrel-osx-x86_64 0.6-9 NOTE

Check Details

Version: 0.6-9
Check: package dependencies
Result: NOTE
    Package which this enhances but not available for checking: ‘Rcplex’
Flavors: r-devel-linux-x86_64-fedora-clang, r-devel-linux-x86_64-fedora-gcc, r-devel-windows-ix86+x86_64, r-devel-windows-ix86+x86_64-gcc8, r-release-windows-ix86+x86_64, r-oldrel-windows-ix86+x86_64

Version: 0.6-9
Check: package dependencies
Result: NOTE
    Package suggested but not available for checking: ‘Rsymphony’
    
    Package which this enhances but not available for checking: ‘Rcplex’
Flavors: r-patched-solaris-x86, r-release-osx-x86_64, r-oldrel-osx-x86_64