Last updated on 2024-04-24 01:52:23 CEST.
Flavor | Version | Tinstall | Tcheck | Ttotal | Status | Flags |
---|---|---|---|---|---|---|
r-devel-linux-x86_64-debian-clang | 1.7-2 | 37.84 | 200.34 | 238.18 | OK | |
r-devel-linux-x86_64-debian-gcc | 1.7-2 | 25.97 | 146.50 | 172.47 | OK | |
r-devel-linux-x86_64-fedora-clang | 1.7-2 | 297.09 | OK | |||
r-devel-linux-x86_64-fedora-gcc | 1.7-2 | 273.02 | OK | |||
r-prerel-macos-arm64 | 1.7-2 | 65.00 | OK | |||
r-prerel-windows-x86_64 | 1.7-2 | 18.00 | 154.00 | 172.00 | OK | |
r-patched-linux-x86_64 | 1.7-2 | 0.29 | 2.15 | 2.44 | ERROR | |
r-release-linux-x86_64 | 1.7-2 | 25.30 | 195.80 | 221.10 | OK | |
r-release-macos-arm64 | 1.7-2 | 61.00 | OK | |||
r-release-macos-x86_64 | 1.7-2 | 101.00 | OK | |||
r-release-windows-x86_64 | 1.7-2 | 27.00 | 170.00 | 197.00 | OK | |
r-oldrel-macos-arm64 | 1.7-2 | 46.00 | OK | |||
r-oldrel-windows-x86_64 | 1.7-2 | 27.00 | 167.00 | 194.00 | OK |
Version: 1.7-2
Check: package dependencies
Result: ERROR
Package required but not available: ‘densEstBayes’
See section ‘The DESCRIPTION file’ in the ‘Writing R Extensions’
manual.
Flavor: r-patched-linux-x86_64