CRAN Package Check Results for Package rematch2

Last updated on 2022-05-19 02:49:20 CEST.

Flavor Version Tinstall Tcheck Ttotal Status Flags
r-devel-linux-x86_64-debian-clang 2.1.2 4.64 49.99 54.63 NOTE
r-devel-linux-x86_64-debian-gcc 2.1.2 3.74 37.64 41.38 NOTE
r-devel-linux-x86_64-fedora-clang 2.1.2 64.71 NOTE
r-devel-linux-x86_64-fedora-gcc 2.1.2 63.09 NOTE
r-devel-windows-x86_64 2.1.2 15.00 64.00 79.00 NOTE
r-patched-linux-x86_64 2.1.2 5.09 47.28 52.37 NOTE
r-release-linux-x86_64 2.1.2 4.53 47.12 51.65 NOTE
r-release-macos-arm64 2.1.2 19.00 NOTE
r-release-macos-x86_64 2.1.2 32.00 NOTE
r-release-windows-x86_64 2.1.2 19.00 67.00 86.00 NOTE
r-oldrel-macos-arm64 2.1.2 25.00 NOTE
r-oldrel-macos-x86_64 2.1.2 35.00 NOTE
r-oldrel-windows-ix86+x86_64 2.1.2 10.00 60.00 70.00 NOTE

Check Details

Version: 2.1.2
Check: LazyData
Result: NOTE
     'LazyData' is specified without a 'data' directory
Flavors: r-devel-linux-x86_64-debian-clang, r-devel-linux-x86_64-debian-gcc, r-devel-linux-x86_64-fedora-clang, r-devel-linux-x86_64-fedora-gcc, r-devel-windows-x86_64, r-patched-linux-x86_64, r-release-linux-x86_64, r-release-macos-arm64, r-release-macos-x86_64, r-release-windows-x86_64, r-oldrel-macos-arm64, r-oldrel-macos-x86_64, r-oldrel-windows-ix86+x86_64

Version: 2.1.2
Check: Rd cross-references
Result: NOTE
    Undeclared package ‘magrittr’ in Rd xrefs
Flavor: r-devel-linux-x86_64-fedora-clang