CRAN Package Check Results for Package remote

Last updated on 2019-12-06 23:51:04 CET.

Flavor Version Tinstall Tcheck Ttotal Status Flags
r-devel-linux-x86_64-debian-clang 1.2.1 29.50 113.75 143.25 NOTE
r-devel-linux-x86_64-debian-gcc 1.2.1 23.37 91.86 115.23 NOTE
r-devel-linux-x86_64-fedora-clang 1.2.1 167.54 NOTE
r-devel-linux-x86_64-fedora-gcc 1.2.1 166.95 NOTE
r-devel-windows-ix86+x86_64 1.2.1 58.00 244.00 302.00 OK
r-devel-windows-ix86+x86_64-gcc8 1.2.1 83.00 253.00 336.00 OK
r-patched-linux-x86_64 1.2.1 23.69 104.66 128.35 OK
r-patched-solaris-x86 1.2.1 233.80 OK
r-release-linux-x86_64 1.2.1 25.56 105.59 131.15 OK
r-release-windows-ix86+x86_64 1.2.1 68.00 174.00 242.00 OK
r-release-osx-x86_64 1.2.1 OK
r-oldrel-windows-ix86+x86_64 1.2.1 48.00 177.00 225.00 OK
r-oldrel-osx-x86_64 1.2.1 OK

Check Details

Version: 1.2.1
Check: for non-standard things in the check directory
Result: NOTE
    Found the following files/directories:
     'vdendool_mode_01_int_predictor.grd'
     'vdendool_mode_01_int_predictor.gri'
     'vdendool_mode_01_int_response.grd'
     'vdendool_mode_01_int_response.gri'
     'vdendool_mode_01_p_predictor.grd' 'vdendool_mode_01_p_predictor.gri'
     'vdendool_mode_01_p_response.grd' 'vdendool_mode_01_p_response.gri'
     'vdendool_mode_01_r_predictor.grd' 'vdendool_mode_01_r_predictor.gri'
     'vdendool_mode_01_r_response.grd' 'vdendool_mode_01_r_response.gri'
     'vdendool_mode_01_resid_predictor.grd'
     'vdendool_mode_01_resid_predictor.gri'
     'vdendool_mode_01_resid_response.grd'
     'vdendool_mode_01_resid_response.gri'
     'vdendool_mode_01_rsq_predictor.grd'
     'vdendool_mode_01_rsq_predictor.gri'
     'vdendool_mode_01_rsq_response.grd'
     'vdendool_mode_01_rsq_response.gri'
     'vdendool_mode_01_rsq_sums_predictor.grd'
     'vdendool_mode_01_rsq_sums_predictor.gri'
     'vdendool_mode_01_slp_predictor.grd'
     'vdendool_mode_01_slp_predictor.gri'
     'vdendool_mode_01_slp_response.grd'
     'vdendool_mode_01_slp_response.gri'
     'vdendool_mode_02_int_predictor.grd'
     'vdendool_mode_02_int_predictor.gri'
     'vdendool_mode_02_int_response.grd'
     'vdendool_mode_02_int_response.gri'
     'vdendool_mode_02_p_predictor.grd' 'vdendool_mode_02_p_predictor.gri'
     'vdendool_mode_02_p_response.grd' 'vdendool_mode_02_p_response.gri'
     'vdendool_mode_02_r_predictor.grd' 'vdendool_mode_02_r_predictor.gri'
     'vdendool_mode_02_r_response.grd' 'vdendool_mode_02_r_response.gri'
     'vdendool_mode_02_resid_predictor.grd'
     'vdendool_mode_02_resid_predictor.gri'
     'vdendool_mode_02_resid_response.grd'
     'vdendool_mode_02_resid_response.gri'
     'vdendool_mode_02_rsq_predictor.grd'
     'vdendool_mode_02_rsq_predictor.gri'
     'vdendool_mode_02_rsq_response.grd'
     'vdendool_mode_02_rsq_response.gri'
     'vdendool_mode_02_rsq_sums_predictor.grd'
     'vdendool_mode_02_rsq_sums_predictor.gri'
     'vdendool_mode_02_slp_predictor.grd'
     'vdendool_mode_02_slp_predictor.gri'
     'vdendool_mode_02_slp_response.grd'
     'vdendool_mode_02_slp_response.gri'
Flavors: r-devel-linux-x86_64-debian-clang, r-devel-linux-x86_64-debian-gcc, r-devel-linux-x86_64-fedora-clang, r-devel-linux-x86_64-fedora-gcc

Version: 1.2.1
Check: compiled code
Result: NOTE
    File ‘remote/libs/remote.so’:
     Found no calls to: ‘R_registerRoutines’, ‘R_useDynamicSymbols’
    
    It is good practice to register native routines and to disable symbol
    search.
    
    See ‘Writing portable packages’ in the ‘Writing R Extensions’ manual.
Flavors: r-devel-linux-x86_64-fedora-clang, r-devel-linux-x86_64-fedora-gcc