Last updated on 2024-08-16 01:48:28 CEST.
Flavor | Version | Tinstall | Tcheck | Ttotal | Status | Flags |
---|---|---|---|---|---|---|
r-devel-linux-x86_64-debian-clang | 1.2.3 | 13.67 | 36.77 | 50.44 | NOTE | |
r-devel-linux-x86_64-debian-gcc | 1.2.3 | 10.10 | 28.32 | 38.42 | NOTE | |
r-devel-linux-x86_64-fedora-clang | 1.2.3 | 86.45 | NOTE | |||
r-devel-linux-x86_64-fedora-gcc | 1.2.3 | 99.09 | NOTE | |||
r-devel-windows-x86_64 | 1.2.3 | 16.00 | 79.00 | 95.00 | NOTE | |
r-patched-linux-x86_64 | 1.2.3 | 14.89 | 34.90 | 49.79 | NOTE | |
r-release-linux-x86_64 | 1.2.3 | 13.73 | 35.39 | 49.12 | NOTE | |
r-release-macos-arm64 | 1.2.3 | 31.00 | NOTE | |||
r-release-macos-x86_64 | 1.2.3 | 51.00 | NOTE | |||
r-release-windows-x86_64 | 1.2.3 | 19.00 | 80.00 | 99.00 | NOTE | |
r-oldrel-macos-arm64 | 1.2.3 | 32.00 | OK | |||
r-oldrel-macos-x86_64 | 1.2.3 | 48.00 | OK | |||
r-oldrel-windows-x86_64 | 1.2.3 | 17.00 | 85.00 | 102.00 | OK |
Version: 1.2.3
Check: Rd files
Result: NOTE
checkRd: (-1) twosidedPValuestobins.Rd:84: Lost braces; missing escapes or markup?
84 | A matrix with \code{n.bins + 1} rows and {ncol(zmat)} columns, representing for each study the discretization chosed. Values are the between bin breaks. First and last values are the edges of the outmost bins.
| ^
checkRd: (-1) ztobins.Rd:90: Lost braces; missing escapes or markup?
90 | A matrix with \code{n.bins + 1} rows and {ncol(zmat)} columns, representing for each study the discretization chosed. Values are the between bin breaks. First and last values are the edges of the outmost bins.
| ^
Flavors: r-devel-linux-x86_64-debian-clang, r-devel-linux-x86_64-debian-gcc, r-devel-linux-x86_64-fedora-clang, r-devel-linux-x86_64-fedora-gcc, r-devel-windows-x86_64, r-patched-linux-x86_64, r-release-linux-x86_64, r-release-macos-arm64, r-release-macos-x86_64, r-release-windows-x86_64