Last updated on 2024-04-19 01:58:56 CEST.
Flavor | Version | Tinstall | Tcheck | Ttotal | Status | Flags |
---|---|---|---|---|---|---|
r-devel-linux-x86_64-debian-clang | 0.5 | 4.52 | 39.71 | 44.23 | NOTE | |
r-devel-linux-x86_64-debian-gcc | 0.5 | 3.03 | 29.99 | 33.02 | NOTE | |
r-devel-linux-x86_64-fedora-clang | 0.5 | 55.40 | NOTE | |||
r-devel-linux-x86_64-fedora-gcc | 0.5 | 62.37 | NOTE | |||
r-prerel-macos-arm64 | 0.5 | 29.00 | OK | |||
r-prerel-windows-x86_64 | 0.5 | 4.00 | 50.00 | 54.00 | OK | |
r-patched-linux-x86_64 | 0.5 | 6.99 | 38.16 | 45.15 | NOTE | |
r-release-linux-x86_64 | 0.5 | 4.31 | 38.22 | 42.53 | NOTE | |
r-release-macos-arm64 | 0.5 | 30.00 | OK | |||
r-release-macos-x86_64 | 0.5 | 45.00 | OK | |||
r-release-windows-x86_64 | 0.5 | 6.00 | 54.00 | 60.00 | OK | |
r-oldrel-macos-arm64 | 0.5 | 27.00 | OK | |||
r-oldrel-windows-x86_64 | 0.5 | 7.00 | 59.00 | 66.00 | OK |
Version: 0.5
Check: for non-standard things in the check directory
Result: NOTE
Found the following files/directories:
‘PackageCites.bib’
Flavors: r-devel-linux-x86_64-debian-clang, r-devel-linux-x86_64-debian-gcc, r-devel-linux-x86_64-fedora-clang, r-devel-linux-x86_64-fedora-gcc, r-patched-linux-x86_64, r-release-linux-x86_64