Last updated on 2024-03-28 01:54:08 CET.
Flavor | Version | Tinstall | Tcheck | Ttotal | Status | Flags |
---|---|---|---|---|---|---|
r-devel-linux-x86_64-debian-clang | 0.6 | 2.42 | 36.03 | 38.45 | NOTE | |
r-devel-linux-x86_64-debian-gcc | 0.6 | 2.50 | 27.35 | 29.85 | NOTE | |
r-devel-linux-x86_64-fedora-clang | 0.6 | 48.99 | NOTE | |||
r-devel-linux-x86_64-fedora-gcc | 0.6 | 47.68 | NOTE | |||
r-devel-windows-x86_64 | 0.6 | 3.00 | 47.00 | 50.00 | NOTE | |
r-patched-linux-x86_64 | 0.6 | 3.40 | 35.98 | 39.38 | OK | |
r-release-linux-x86_64 | 0.6 | 3.10 | 34.47 | 37.57 | OK | |
r-release-macos-arm64 | 0.6 | 19.00 | OK | |||
r-release-macos-x86_64 | 0.6 | 29.00 | OK | |||
r-release-windows-x86_64 | 0.6 | 5.00 | 53.00 | 58.00 | OK | |
r-oldrel-macos-arm64 | 0.6 | 23.00 | OK | |||
r-oldrel-windows-x86_64 | 0.6 | 6.00 | 60.00 | 66.00 | OK |
Version: 0.6
Check: Rd files
Result: NOTE
checkRd: (-1) ExpandProbs.Rd:35: Lost braces; missing escapes or markup?
35 | {z_probs2 sqrt((n-1)/n) = t_probs,n-1}
| ^
Flavors: r-devel-linux-x86_64-debian-clang, r-devel-linux-x86_64-debian-gcc, r-devel-linux-x86_64-fedora-clang, r-devel-linux-x86_64-fedora-gcc, r-devel-windows-x86_64