Last updated on 2024-03-29 01:51:16 CET.
Flavor | Version | Tinstall | Tcheck | Ttotal | Status | Flags |
---|---|---|---|---|---|---|
r-devel-linux-x86_64-debian-clang | 0.0.2 | 166.49 | 192.09 | 358.58 | NOTE | |
r-devel-linux-x86_64-debian-gcc | 0.0.2 | 134.58 | 141.27 | 275.85 | NOTE | |
r-devel-linux-x86_64-fedora-clang | 0.0.2 | 506.48 | NOTE | |||
r-devel-linux-x86_64-fedora-gcc | 0.0.2 | 538.46 | NOTE | |||
r-devel-windows-x86_64 | 0.0.2 | 133.00 | 232.00 | 365.00 | NOTE | |
r-patched-linux-x86_64 | 0.0.2 | 134.92 | 182.86 | 317.78 | NOTE | |
r-release-linux-x86_64 | 0.0.2 | 120.01 | 181.83 | 301.84 | NOTE | |
r-release-macos-arm64 | 0.0.2 | 124.00 | NOTE | |||
r-release-macos-x86_64 | 0.0.2 | 444.00 | NOTE | |||
r-release-windows-x86_64 | 0.0.2 | 175.00 | 255.00 | 430.00 | NOTE | |
r-oldrel-macos-arm64 | 0.0.2 | 140.00 | NOTE | |||
r-oldrel-windows-x86_64 | 0.0.2 | 163.00 | 242.00 | 405.00 | NOTE |
Version: 0.0.2
Check: for GNU extensions in Makefiles
Result: NOTE
GNU make is a SystemRequirements.
Flavors: r-devel-linux-x86_64-debian-clang, r-devel-linux-x86_64-debian-gcc, r-devel-linux-x86_64-fedora-clang, r-devel-linux-x86_64-fedora-gcc, r-devel-windows-x86_64, r-patched-linux-x86_64, r-release-linux-x86_64, r-release-macos-arm64, r-release-macos-x86_64, r-release-windows-x86_64, r-oldrel-macos-arm64, r-oldrel-windows-x86_64
Version: 0.0.2
Check: installed package size
Result: NOTE
installed size is 16.1Mb
sub-directories of 1Mb or more:
R 2.1Mb
libs 13.5Mb
Flavors: r-release-macos-arm64, r-release-macos-x86_64, r-oldrel-macos-arm64