CRAN Package Check Results for Package rethnicity

Last updated on 2022-07-05 02:53:38 CEST.

Flavor Version Tinstall Tcheck Ttotal Status Flags
r-devel-linux-x86_64-debian-clang 0.2.3 88.13 61.07 149.20 OK
r-devel-linux-x86_64-debian-gcc 0.2.3 70.10 46.71 116.81 OK
r-devel-linux-x86_64-fedora-clang 0.2.3 210.52 NOTE
r-devel-linux-x86_64-fedora-gcc 0.2.3 203.82 OK
r-devel-windows-x86_64 0.2.3 111.00 113.00 224.00 NOTE
r-patched-linux-x86_64 0.2.3 75.60 60.14 135.74 OK
r-release-linux-x86_64 0.2.3 74.62 61.35 135.97 OK
r-release-macos-arm64 0.2.3 47.00 NOTE
r-release-macos-x86_64 0.2.3 69.00 NOTE
r-release-windows-x86_64 0.2.3 212.00 102.00 314.00 NOTE
r-oldrel-macos-arm64 0.2.3 51.00 NOTE
r-oldrel-macos-x86_64 0.2.3 69.00 NOTE
r-oldrel-windows-ix86+x86_64 0.2.3 173.00 94.00 267.00 NOTE

Check Details

Version: 0.2.3
Check: installed package size
Result: NOTE
     installed size is 18.9Mb
     sub-directories of 1Mb or more:
     include 1.9Mb
     libs 15.3Mb
     models 1.6Mb
Flavors: r-devel-linux-x86_64-fedora-clang, r-devel-windows-x86_64, r-release-macos-arm64, r-release-macos-x86_64, r-release-windows-x86_64, r-oldrel-macos-arm64, r-oldrel-macos-x86_64, r-oldrel-windows-ix86+x86_64