Last updated on 2024-03-29 01:51:16 CET.
Flavor | Version | Tinstall | Tcheck | Ttotal | Status | Flags |
---|---|---|---|---|---|---|
r-devel-linux-x86_64-debian-clang | 0.2.4 | 90.92 | 57.06 | 147.98 | WARN | |
r-devel-linux-x86_64-debian-gcc | 0.2.4 | 80.80 | 44.89 | 125.69 | OK | |
r-devel-linux-x86_64-fedora-clang | 0.2.4 | 199.92 | OK | |||
r-devel-linux-x86_64-fedora-gcc | 0.2.4 | 230.45 | OK | |||
r-devel-windows-x86_64 | 0.2.4 | 67.00 | 81.00 | 148.00 | NOTE | |
r-patched-linux-x86_64 | 0.2.4 | 96.24 | 58.16 | 154.40 | NOTE | |
r-release-linux-x86_64 | 0.2.4 | 99.57 | 55.21 | 154.78 | OK | |
r-release-macos-arm64 | 0.2.4 | 66.00 | NOTE | |||
r-release-macos-x86_64 | 0.2.4 | 102.00 | NOTE | |||
r-release-windows-x86_64 | 0.2.4 | 81.00 | 89.00 | 170.00 | NOTE | |
r-oldrel-macos-arm64 | 0.2.4 | 64.00 | NOTE | |||
r-oldrel-windows-x86_64 | 0.2.4 | 80.00 | 96.00 | 176.00 | NOTE |
Version: 0.2.4
Check: whether package can be installed
Result: WARN
Found the following significant warnings:
/usr/bin/../lib/gcc/x86_64-linux-gnu/14/../../../../include/c++/14/functional:558:2: warning: 'result_of<(lambda at /home/hornik/tmp/R.check/r-devel-clang/Work/build/Packages/RcppThread/include/RcppThread/ThreadPool.hpp:187:24) &()>' is deprecated: use 'std::invoke_result' instead [-Wdeprecated-declarations]
/usr/bin/../lib/gcc/x86_64-linux-gnu/14/../../../../include/c++/14/functional:558:2: warning: 'result_of<std::_Bind<(lambda at /home/hornik/tmp/R.check/r-devel-clang/Work/build/Packages/RcppThread/include/RcppThread/ThreadPool.hpp:187:24) ()> &()>' is deprecated: use 'std::invoke_result' instead [-Wdeprecated-declarations]
/usr/bin/../lib/gcc/x86_64-linux-gnu/14/../../../../include/c++/14/functional:558:2: warning: 'result_of<(lambda at /home/hornik/tmp/R.check/r-devel-clang/Work/build/Packages/RcppThread/include/RcppThread/ThreadPool.hpp:200:24) &()>' is deprecated: use 'std::invoke_result' instead [-Wdeprecated-declarations]
/usr/bin/../lib/gcc/x86_64-linux-gnu/14/../../../../include/c++/14/functional:558:2: warning: 'result_of<std::_Bind<(lambda at /home/hornik/tmp/R.check/r-devel-clang/Work/build/Packages/RcppThread/include/RcppThread/ThreadPool.hpp:200:24) ()> &()>' is deprecated: use 'std::invoke_result' instead [-Wdeprecated-declarations]
See ‘/home/hornik/tmp/R.check/r-devel-clang/Work/PKGS/rethnicity.Rcheck/00install.out’ for details.
* used C++ compiler: ‘Debian clang version 18.1.0 (rc4-1)’
Flavor: r-devel-linux-x86_64-debian-clang
Version: 0.2.4
Check: re-building of vignette outputs
Result: NOTE
Re-building vignettes had CPU time 2.6 times elapsed time
Flavor: r-devel-linux-x86_64-debian-clang
Version: 0.2.4
Check: installed package size
Result: NOTE
installed size is 5.2Mb
sub-directories of 1Mb or more:
include 1.9Mb
libs 1.6Mb
models 1.6Mb
Flavors: r-devel-windows-x86_64, r-release-macos-arm64, r-release-macos-x86_64, r-release-windows-x86_64, r-oldrel-macos-arm64, r-oldrel-windows-x86_64
Version: 0.2.4
Check: re-building of vignette outputs
Result: NOTE
Re-building vignettes had CPU time 2.7 times elapsed time
Flavor: r-patched-linux-x86_64