CRAN Package Check Results for Package retractcheck

Last updated on 2022-05-17 02:53:19 CEST.

Flavor Version Tinstall Tcheck Ttotal Status Flags
r-devel-linux-x86_64-debian-clang 1.0.0 2.53 30.63 33.16 NOTE
r-devel-linux-x86_64-debian-gcc 1.0.0 1.81 23.83 25.64 NOTE
r-devel-linux-x86_64-fedora-clang 1.0.0 40.71 NOTE
r-devel-linux-x86_64-fedora-gcc 1.0.0 39.24 NOTE
r-devel-windows-x86_64 1.0.0 21.00 49.00 70.00 NOTE
r-patched-linux-x86_64 1.0.0 1.58 29.70 31.28 NOTE
r-release-linux-x86_64 1.0.0 2.29 30.11 32.40 NOTE
r-release-macos-arm64 1.0.0 15.00 NOTE
r-release-macos-x86_64 1.0.0 22.00 NOTE
r-release-windows-x86_64 1.0.0 20.00 49.00 69.00 NOTE
r-oldrel-macos-arm64 1.0.0 19.00 NOTE
r-oldrel-macos-x86_64 1.0.0 23.00 NOTE
r-oldrel-windows-ix86+x86_64 1.0.0 6.00 39.00 45.00 NOTE

Check Details

Version: 1.0.0
Check: LazyData
Result: NOTE
     'LazyData' is specified without a 'data' directory
Flavors: r-devel-linux-x86_64-debian-clang, r-devel-linux-x86_64-debian-gcc, r-devel-linux-x86_64-fedora-clang, r-devel-linux-x86_64-fedora-gcc, r-devel-windows-x86_64, r-patched-linux-x86_64, r-release-linux-x86_64, r-release-macos-arm64, r-release-macos-x86_64, r-release-windows-x86_64, r-oldrel-macos-arm64, r-oldrel-macos-x86_64, r-oldrel-windows-ix86+x86_64