Last updated on 2022-07-04 02:53:40 CEST.
Flavor | Version | Tinstall | Tcheck | Ttotal | Status | Flags |
---|---|---|---|---|---|---|
r-devel-linux-x86_64-debian-clang | 1.0.4 | 9.79 | 84.40 | 94.19 | NOTE | |
r-devel-linux-x86_64-debian-gcc | 1.0.4 | 7.53 | 61.73 | 69.26 | NOTE | |
r-devel-linux-x86_64-fedora-clang | 1.0.4 | 123.95 | NOTE | |||
r-devel-linux-x86_64-fedora-gcc | 1.0.4 | 120.74 | NOTE | |||
r-devel-windows-x86_64 | 1.0.4 | 19.00 | 125.00 | 144.00 | NOTE | |
r-patched-linux-x86_64 | 1.0.4 | 8.90 | 77.59 | 86.49 | OK | |
r-release-linux-x86_64 | 1.0.4 | 8.37 | 78.00 | 86.37 | OK | |
r-release-macos-arm64 | 1.0.4 | 30.00 | OK | |||
r-release-macos-x86_64 | 1.0.4 | 64.00 | OK | |||
r-release-windows-x86_64 | 1.0.4 | 19.00 | 127.00 | 146.00 | OK | |
r-oldrel-macos-arm64 | 1.0.4 | 42.00 | OK | |||
r-oldrel-macos-x86_64 | 1.0.4 | 60.00 | OK | |||
r-oldrel-windows-ix86+x86_64 | 1.0.4 | 20.00 | 106.00 | 126.00 | OK |
Version: 1.0.4
Check: Rd files
Result: NOTE
checkRd: (-1) rec.Rd:23: Escaped LaTeX specials: \$
Flavors: r-devel-linux-x86_64-debian-clang, r-devel-linux-x86_64-debian-gcc, r-devel-linux-x86_64-fedora-clang, r-devel-linux-x86_64-fedora-gcc, r-devel-windows-x86_64