CRAN Package Check Results for Package revss

Last updated on 2023-03-25 01:49:26 CET.

Flavor Version Tinstall Tcheck Ttotal Status Flags
r-devel-linux-x86_64-debian-clang 1.0.5 2.03 22.54 24.57 OK
r-devel-linux-x86_64-debian-gcc 1.0.5 1.69 17.85 19.54 OK
r-devel-linux-x86_64-fedora-clang 1.0.5 32.62 NOTE
r-devel-linux-x86_64-fedora-gcc 1.0.5 29.64 OK
r-patched-linux-x86_64 1.0.5 2.32 23.10 25.42 OK
r-release-linux-x86_64 1.0.5 2.15 23.07 25.22 OK
r-release-macos-arm64 1.0.5 14.00 OK
r-release-macos-x86_64 1.0.5 21.00 OK
r-release-windows-x86_64 1.0.5 12.00 52.00 64.00 OK
r-oldrel-macos-arm64 1.0.5 16.00 OK
r-oldrel-macos-x86_64 1.0.5 25.00 OK
r-oldrel-windows-ix86+x86_64 1.0.5 5.00 49.00 54.00 OK

Check Details

Version: 1.0.5
Check: Rd cross-references
Result: NOTE
    Undeclared package ‘robustbase’ in Rd xrefs
Flavor: r-devel-linux-x86_64-fedora-clang