Last updated on 2024-03-28 01:54:08 CET.
Flavor | Version | Tinstall | Tcheck | Ttotal | Status | Flags |
---|---|---|---|---|---|---|
r-devel-linux-x86_64-debian-clang | 1.0.6 | 2.02 | 23.29 | 25.31 | OK | |
r-devel-linux-x86_64-debian-gcc | 1.0.6 | 1.74 | 18.50 | 20.24 | OK | |
r-devel-linux-x86_64-fedora-clang | 1.0.6 | 32.24 | NOTE | |||
r-devel-linux-x86_64-fedora-gcc | 1.0.6 | 31.12 | OK | |||
r-devel-windows-x86_64 | 1.0.6 | 3.00 | 41.00 | 44.00 | OK | |
r-patched-linux-x86_64 | 1.0.6 | 1.95 | 22.37 | 24.32 | OK | |
r-release-linux-x86_64 | 1.0.6 | 1.99 | 22.54 | 24.53 | OK | |
r-release-macos-arm64 | 1.0.6 | 20.00 | OK | |||
r-release-macos-x86_64 | 1.0.6 | 28.00 | OK | |||
r-release-windows-x86_64 | 1.0.6 | 2.00 | 41.00 | 43.00 | OK | |
r-oldrel-macos-arm64 | 1.0.6 | 21.00 | OK | |||
r-oldrel-windows-x86_64 | 1.0.6 | 5.00 | 45.00 | 50.00 | OK |
Version: 1.0.6
Check: Rd cross-references
Result: NOTE
Undeclared package ‘robustbase’ in Rd xrefs
Flavor: r-devel-linux-x86_64-fedora-clang