Last updated on 2022-07-02 01:49:05 CEST.
Flavor | Version | Tinstall | Tcheck | Ttotal | Status | Flags |
---|---|---|---|---|---|---|
r-devel-linux-x86_64-debian-clang | 0.2.0 | 5.56 | 61.32 | 66.88 | OK | |
r-devel-linux-x86_64-debian-gcc | 0.2.0 | 4.99 | 46.56 | 51.55 | OK | |
r-devel-linux-x86_64-fedora-clang | 0.2.0 | 94.80 | NOTE | |||
r-devel-linux-x86_64-fedora-gcc | 0.2.0 | 93.31 | NOTE | |||
r-devel-windows-x86_64 | 0.2.0 | 26.00 | 93.00 | 119.00 | OK | |
r-patched-linux-x86_64 | 0.2.0 | 5.43 | 58.59 | 64.02 | OK | |
r-release-linux-x86_64 | 0.2.0 | 6.96 | 58.12 | 65.08 | OK | |
r-release-macos-arm64 | 0.2.0 | 26.00 | NOTE | |||
r-release-macos-x86_64 | 0.2.0 | 56.00 | NOTE | |||
r-release-windows-x86_64 | 0.2.0 | 28.00 | 97.00 | 125.00 | OK | |
r-oldrel-macos-arm64 | 0.2.0 | 33.00 | NOTE | |||
r-oldrel-macos-x86_64 | 0.2.0 | 38.00 | NOTE | |||
r-oldrel-windows-ix86+x86_64 | 0.2.0 | 19.00 | 81.00 | 100.00 | OK |
Version: 0.2.0
Check: dependencies in R code
Result: NOTE
Namespace in Imports field not imported from: ‘pkgload’
All declared Imports should be used.
Flavors: r-devel-linux-x86_64-fedora-clang, r-devel-linux-x86_64-fedora-gcc, r-release-macos-arm64, r-release-macos-x86_64, r-oldrel-macos-arm64, r-oldrel-macos-x86_64