Last updated on 2025-11-24 02:50:14 CET.
| Flavor | Version | Tinstall | Tcheck | Ttotal | Status | Flags |
|---|---|---|---|---|---|---|
| r-devel-linux-x86_64-debian-clang | 1.0.3 | 11.74 | 133.05 | 144.79 | NOTE | |
| r-devel-linux-x86_64-debian-gcc | 1.0.3 | 9.00 | 90.04 | 99.04 | NOTE | |
| r-devel-linux-x86_64-fedora-clang | 1.0.3 | 31.00 | 204.59 | 235.59 | NOTE | |
| r-devel-linux-x86_64-fedora-gcc | 1.0.3 | 27.00 | 204.99 | 231.99 | NOTE | |
| r-devel-windows-x86_64 | 1.0.3 | 15.00 | 143.00 | 158.00 | OK | |
| r-patched-linux-x86_64 | 1.0.3 | 11.74 | 126.87 | 138.61 | OK | |
| r-release-linux-x86_64 | 1.0.3 | 10.98 | 127.78 | 138.76 | OK | |
| r-release-macos-arm64 | 1.0.3 | OK | ||||
| r-release-macos-x86_64 | 1.0.3 | 9.00 | 103.00 | 112.00 | OK | |
| r-release-windows-x86_64 | 1.0.3 | 14.00 | 137.00 | 151.00 | OK | |
| r-oldrel-macos-arm64 | 1.0.3 | OK | ||||
| r-oldrel-macos-x86_64 | 1.0.3 | 7.00 | 79.00 | 86.00 | OK | |
| r-oldrel-windows-x86_64 | 1.0.3 | 18.00 | 177.00 | 195.00 | OK |
Version: 1.0.3
Check: CRAN incoming feasibility
Result: NOTE
Maintainer: ‘Markus Loecher <Markus.Loecher@gmail.com>’
No Authors@R field in DESCRIPTION.
Please add one, modifying
Authors@R: person(given = "Markus",
family = "Loecher",
role = c("aut", "cre"),
email = "Markus.Loecher@gmail.com")
as necessary.
Flavors: r-devel-linux-x86_64-debian-clang, r-devel-linux-x86_64-debian-gcc
Version: 1.0.3
Check: dependencies in R code
Result: NOTE
Namespace in Imports field not imported from: ‘titanic’
All declared Imports should be used.
Flavors: r-devel-linux-x86_64-fedora-clang, r-devel-linux-x86_64-fedora-gcc