Last updated on 2023-05-28 01:54:06 CEST.
Flavor | Version | Tinstall | Tcheck | Ttotal | Status | Flags |
---|---|---|---|---|---|---|
r-devel-linux-x86_64-debian-clang | 0.3.0 | 14.50 | 670.05 | 684.55 | OK | |
r-devel-linux-x86_64-debian-gcc | 0.3.0 | 12.36 | 534.73 | 547.09 | OK | |
r-devel-linux-x86_64-fedora-clang | 0.3.0 | 833.42 | NOTE | |||
r-devel-linux-x86_64-fedora-gcc | 0.3.0 | 823.58 | NOTE | |||
r-devel-windows-x86_64 | 0.3.0 | 15.00 | 517.00 | 532.00 | OK | |
r-patched-linux-x86_64 | 0.3.0 | 16.33 | 640.33 | 656.66 | OK | |
r-release-linux-x86_64 | 0.3.0 | 9.58 | 644.47 | 654.05 | OK | |
r-release-macos-arm64 | 0.3.0 | 351.00 | OK | |||
r-release-windows-x86_64 | 0.3.0 | 20.00 | 664.00 | 684.00 | OK | |
r-oldrel-macos-arm64 | 0.3.0 | 321.00 | OK | |||
r-oldrel-macos-x86_64 | 0.3.0 | 461.00 | OK | |||
r-oldrel-windows-x86_64 | 0.3.0 | 21.00 | 651.00 | 672.00 | OK |
Version: 0.3.0
Check: data for non-ASCII characters
Result: NOTE
Note: found 806 marked UTF-8 strings
Flavors: r-devel-linux-x86_64-fedora-clang, r-devel-linux-x86_64-fedora-gcc