Last updated on 2025-04-30 01:50:34 CEST.
Flavor | Version | Tinstall | Tcheck | Ttotal | Status | Flags |
---|---|---|---|---|---|---|
r-devel-linux-x86_64-debian-clang | 0.5-2 | 5.57 | 75.92 | 81.49 | NOTE | |
r-devel-linux-x86_64-debian-gcc | 0.5-2 | 3.32 | 52.37 | 55.69 | OK | |
r-devel-linux-x86_64-fedora-clang | 0.5-2 | 128.23 | OK | |||
r-devel-linux-x86_64-fedora-gcc | 0.5-2 | 135.10 | OK | |||
r-devel-windows-x86_64 | 0.5-2 | 6.00 | 124.00 | 130.00 | OK | |
r-patched-linux-x86_64 | 0.5-2 | 5.72 | 72.89 | 78.61 | OK | |
r-release-linux-x86_64 | 0.5-2 | 5.25 | 71.45 | 76.70 | OK | |
r-release-macos-arm64 | 0.5-2 | 69.00 | OK | |||
r-release-macos-x86_64 | 0.5-2 | 101.00 | OK | |||
r-release-windows-x86_64 | 0.5-2 | 6.00 | 120.00 | 126.00 | OK | |
r-oldrel-macos-arm64 | 0.5-2 | 78.00 | OK | |||
r-oldrel-macos-x86_64 | 0.5-2 | 193.00 | OK | |||
r-oldrel-windows-x86_64 | 0.5-2 | 7.00 | 136.00 | 143.00 | OK |
Version: 0.5-2
Check: examples
Result: NOTE
Examples with CPU (user + system) or elapsed time > 5s
user system elapsed
read_RAST 7.09 0.301 8.535
Flavor: r-devel-linux-x86_64-debian-clang