Last updated on 2022-06-26 01:48:59 CEST.
Flavor | Version | Tinstall | Tcheck | Ttotal | Status | Flags |
---|---|---|---|---|---|---|
r-devel-linux-x86_64-debian-clang | 0.3.8 | 4.98 | 75.93 | 80.91 | OK | |
r-devel-linux-x86_64-debian-gcc | 0.3.8 | 3.87 | 60.73 | 64.60 | OK | |
r-devel-linux-x86_64-fedora-clang | 0.3.8 | 105.09 | NOTE | |||
r-devel-linux-x86_64-fedora-gcc | 0.3.8 | 103.04 | OK | |||
r-devel-windows-x86_64 | 0.3.8 | 50.00 | 116.00 | 166.00 | NOTE | |
r-patched-linux-x86_64 | 0.3.8 | 4.49 | 74.77 | 79.26 | OK | |
r-release-linux-x86_64 | 0.3.8 | 4.66 | 74.37 | 79.03 | OK | |
r-release-macos-arm64 | 0.3.8 | 36.00 | NOTE | |||
r-release-macos-x86_64 | 0.3.8 | 46.00 | NOTE | |||
r-release-windows-x86_64 | 0.3.8 | 87.00 | 123.00 | 210.00 | NOTE | |
r-oldrel-macos-arm64 | 0.3.8 | 701.00 | NOTE | |||
r-oldrel-macos-x86_64 | 0.3.8 | 52.00 | NOTE | |||
r-oldrel-windows-ix86+x86_64 | 0.3.8 | 15.00 | 92.00 | 107.00 | NOTE |
Version: 0.3.8
Check: installed package size
Result: NOTE
installed size is 11.7Mb
sub-directories of 1Mb or more:
doc 10.3Mb
htmlwidgets 1.3Mb
Flavors: r-devel-linux-x86_64-fedora-clang, r-devel-windows-x86_64, r-release-macos-arm64, r-release-macos-x86_64, r-release-windows-x86_64, r-oldrel-macos-arm64, r-oldrel-macos-x86_64, r-oldrel-windows-ix86+x86_64