CRAN Package Check Results for Package rhandsontable

Last updated on 2020-04-05 15:49:26 CEST.

Flavor Version Tinstall Tcheck Ttotal Status Flags
r-devel-linux-x86_64-debian-clang 0.3.7 4.71 55.64 60.35 OK
r-devel-linux-x86_64-debian-gcc 0.3.7 0.97 2.22 3.19 ERROR
r-devel-linux-x86_64-fedora-clang 0.3.7 71.76 NOTE
r-devel-linux-x86_64-fedora-gcc 0.3.7 69.96 OK
r-devel-windows-ix86+x86_64 0.3.7 14.00 71.00 85.00 NOTE
r-devel-windows-ix86+x86_64-gcc8 0.3.7 15.00 74.00 89.00 NOTE
r-patched-linux-x86_64 0.3.7 4.70 54.13 58.83 OK
r-patched-solaris-x86 0.3.7 75.30 WARN
r-release-linux-x86_64 0.3.7 3.54 50.89 54.43 OK
r-release-windows-ix86+x86_64 0.3.7 14.00 96.00 110.00 NOTE
r-release-osx-x86_64 0.3.7 WARN
r-oldrel-windows-ix86+x86_64 0.3.7 14.00 80.00 94.00 NOTE
r-oldrel-osx-x86_64 0.3.7 WARN

Check Details

Version: 0.3.7
Check: whether package can be installed
Result: ERROR
    Installation failed.
Flavor: r-devel-linux-x86_64-debian-gcc

Version: 0.3.7
Check: installed package size
Result: NOTE
     installed size is 11.5Mb
     sub-directories of 1Mb or more:
     doc 10.2Mb
     htmlwidgets 1.2Mb
Flavors: r-devel-linux-x86_64-fedora-clang, r-devel-windows-ix86+x86_64, r-devel-windows-ix86+x86_64-gcc8, r-patched-solaris-x86, r-release-windows-ix86+x86_64, r-release-osx-x86_64, r-oldrel-windows-ix86+x86_64, r-oldrel-osx-x86_64

Version: 0.3.7
Check: re-building of vignette outputs
Result: WARN
    Error(s) in re-building vignettes:
     ...
    --- re-building ‘intro_rhandsontable.Rmd’ using rmarkdown
    Warning in engine$weave(file, quiet = quiet, encoding = enc) :
     Pandoc (>= 1.12.3) and/or pandoc-citeproc not available. Falling back to R Markdown v1.
    Quitting from lines 34-47 (intro_rhandsontable.Rmd)
    Error: processing vignette 'intro_rhandsontable.Rmd' failed with diagnostics:
    there is no package called 'webshot'
    --- failed re-building ‘intro_rhandsontable.Rmd’
    
    SUMMARY: processing the following file failed:
     ‘intro_rhandsontable.Rmd’
    
    Error: Vignette re-building failed.
    Execution halted
Flavor: r-patched-solaris-x86

Version: 0.3.7
Check: re-building of vignette outputs
Result: WARN
    Error(s) in re-building vignettes:
     ...
    --- re-building ‘intro_rhandsontable.Rmd’ using rmarkdown
    Warning in engine$weave(file, quiet = quiet, encoding = enc) :
     Pandoc (>= 1.12.3) and/or pandoc-citeproc not available. Falling back to R Markdown v1.
    Quitting from lines 34-47 (intro_rhandsontable.Rmd)
    Error: processing vignette 'intro_rhandsontable.Rmd' failed with diagnostics:
    cannot open the connection
    --- failed re-building ‘intro_rhandsontable.Rmd’
    
    SUMMARY: processing the following file failed:
     ‘intro_rhandsontable.Rmd’
    
    Error: Vignette re-building failed.
    Execution halted
Flavor: r-release-osx-x86_64

Version: 0.3.7
Check: re-building of vignette outputs
Result: WARN
    Error in re-building vignettes:
     ...
    Warning in engine$weave(file, quiet = quiet, encoding = enc) :
     Pandoc (>= 1.12.3) and/or pandoc-citeproc not available. Falling back to R Markdown v1.
    Quitting from lines 34-47 (intro_rhandsontable.Rmd)
    Error: processing vignette 'intro_rhandsontable.Rmd' failed with diagnostics:
    cannot open the connection
    Execution halted
Flavor: r-oldrel-osx-x86_64