Last updated on 2025-10-16 01:50:25 CEST.
Flavor | Version | Tinstall | Tcheck | Ttotal | Status | Flags |
---|---|---|---|---|---|---|
r-devel-linux-x86_64-debian-clang | 0.4.0 | 6.16 | 124.13 | 130.29 | NOTE | |
r-devel-linux-x86_64-debian-gcc | 0.4.1 | 4.87 | 90.66 | 95.53 | OK | |
r-devel-linux-x86_64-fedora-clang | 0.4.1 | 215.00 | OK | |||
r-devel-linux-x86_64-fedora-gcc | 0.4.1 | 227.24 | OK | |||
r-devel-windows-x86_64 | 0.4.0 | 11.00 | 121.00 | 132.00 | NOTE | |
r-patched-linux-x86_64 | 0.4.1 | 5.93 | 120.28 | 126.21 | OK | |
r-release-linux-x86_64 | 0.4.0 | 5.93 | 118.80 | 124.73 | NOTE | |
r-release-macos-arm64 | 0.4.0 | 58.00 | OK | |||
r-release-macos-x86_64 | 0.4.1 | 129.00 | OK | |||
r-release-windows-x86_64 | 0.4.0 | 11.00 | 124.00 | 135.00 | NOTE | |
r-oldrel-macos-arm64 | 0.4.0 | 59.00 | OK | |||
r-oldrel-macos-x86_64 | 0.4.1 | 129.00 | OK | |||
r-oldrel-windows-x86_64 | 0.4.0 | 16.00 | 161.00 | 177.00 | OK |
Version: 0.4.0
Check: Rd cross-references
Result: NOTE
Found the following Rd file(s) with Rd \link{} targets missing package
anchors:
conduct_ri.Rd: declare_ra, obtain_permutation_matrix
Please provide package anchors for all Rd \link{} targets not in the
package itself and the base packages.
Flavors: r-devel-linux-x86_64-debian-clang, r-devel-windows-x86_64, r-release-linux-x86_64, r-release-windows-x86_64