Last updated on 2024-03-28 01:54:08 CET.
Flavor | Version | Tinstall | Tcheck | Ttotal | Status | Flags |
---|---|---|---|---|---|---|
r-devel-linux-x86_64-debian-clang | 0.5.6 | 17.11 | 185.08 | 202.19 | NOTE | |
r-devel-linux-x86_64-debian-gcc | 0.5.6 | 13.52 | 133.91 | 147.43 | NOTE | |
r-devel-linux-x86_64-fedora-clang | 0.5.6 | 263.84 | NOTE | |||
r-devel-linux-x86_64-fedora-gcc | 0.5.6 | 265.12 | NOTE | |||
r-devel-windows-x86_64 | 0.5.6 | 15.00 | 170.00 | 185.00 | NOTE | |
r-patched-linux-x86_64 | 0.5.6 | 23.25 | 173.51 | 196.76 | NOTE | |
r-release-linux-x86_64 | 0.5.6 | 11.04 | 175.86 | 186.90 | NOTE | |
r-release-macos-arm64 | 0.5.6 | 85.00 | NOTE | |||
r-release-macos-x86_64 | 0.5.6 | 175.00 | NOTE | |||
r-release-windows-x86_64 | 0.5.6 | 20.00 | 193.00 | 213.00 | NOTE | |
r-oldrel-macos-arm64 | 0.5.6 | 77.00 | NOTE | |||
r-oldrel-windows-x86_64 | 0.5.6 | 23.00 | 201.00 | 224.00 | NOTE |
Version: 0.5.6
Check: package dependencies
Result: NOTE
Packages suggested but not available for checking:
'mimic.demo', 'eicu.demo'
Flavors: r-devel-linux-x86_64-debian-clang, r-devel-linux-x86_64-debian-gcc, r-devel-linux-x86_64-fedora-clang, r-devel-linux-x86_64-fedora-gcc, r-devel-windows-x86_64, r-patched-linux-x86_64, r-release-linux-x86_64, r-release-macos-arm64, r-release-macos-x86_64, r-release-windows-x86_64, r-oldrel-macos-arm64, r-oldrel-windows-x86_64