CRAN Package Check Results for Package riskCommunicator

Last updated on 2022-01-18 01:52:11 CET.

Flavor Version Tinstall Tcheck Ttotal Status Flags
r-devel-linux-x86_64-debian-clang 0.1.0 7.29 444.35 451.64 OK
r-devel-linux-x86_64-debian-gcc 0.1.0 5.65 329.40 335.05 OK
r-devel-linux-x86_64-fedora-clang 0.1.0 520.85 NOTE
r-devel-linux-x86_64-fedora-gcc 0.1.0 508.42 NOTE
r-devel-windows-x86_64-new-UL 0.1.0 150.00 477.00 627.00 OK
r-devel-windows-x86_64-new-TK 0.1.0 NOTE
r-patched-linux-x86_64 0.1.0 5.83 421.76 427.59 OK
r-release-linux-x86_64 0.1.0 OK
r-release-macos-arm64 0.1.0 NOTE
r-release-macos-x86_64 0.1.0 NOTE
r-release-windows-ix86+x86_64 0.1.0 17.00 517.00 534.00 OK
r-oldrel-macos-x86_64 0.1.0 NOTE
r-oldrel-windows-ix86+x86_64 0.1.0 17.00 541.00 558.00 OK

Check Details

Version: 0.1.0
Check: dependencies in R code
Result: NOTE
    Namespace in Imports field not imported from: ‘tidyverse’
     All declared Imports should be used.
Flavors: r-devel-linux-x86_64-fedora-clang, r-devel-linux-x86_64-fedora-gcc, r-devel-windows-x86_64-new-TK, r-release-macos-arm64, r-release-macos-x86_64, r-oldrel-macos-x86_64