Last updated on 2025-11-14 01:51:49 CET.
| Flavor | Version | Tinstall | Tcheck | Ttotal | Status | Flags |
|---|---|---|---|---|---|---|
| r-devel-linux-x86_64-debian-clang | 1.2.3 | 4.36 | 28.58 | 32.94 | NOTE | |
| r-devel-linux-x86_64-debian-gcc | 1.2.3 | 2.70 | 21.25 | 23.95 | NOTE | |
| r-devel-linux-x86_64-fedora-clang | 1.2.3 | 49.59 | OK | |||
| r-devel-linux-x86_64-fedora-gcc | 1.2.3 | 46.27 | OK | |||
| r-devel-windows-x86_64 | 1.2.3 | 6.00 | 41.00 | 47.00 | OK | |
| r-patched-linux-x86_64 | 1.2.3 | 4.38 | 26.23 | 30.61 | OK | |
| r-release-linux-x86_64 | 1.2.3 | 3.47 | 27.13 | 30.60 | OK | |
| r-release-macos-arm64 | 1.2.3 | 2.00 | 15.00 | 17.00 | OK | |
| r-release-macos-x86_64 | 1.2.3 | 3.00 | 28.00 | 31.00 | OK | |
| r-release-windows-x86_64 | 1.2.3 | 6.00 | 42.00 | 48.00 | OK | |
| r-oldrel-macos-arm64 | 1.2.3 | 2.00 | 14.00 | 16.00 | OK | |
| r-oldrel-macos-x86_64 | 1.2.3 | 3.00 | 20.00 | 23.00 | OK | |
| r-oldrel-windows-x86_64 | 1.2.3 | 5.00 | 43.00 | 48.00 | OK |
Version: 1.2.3
Check: CRAN incoming feasibility
Result: NOTE
Maintainer: ‘Peter Reichert <peter.reichert@emeriti.eawag.ch>’
No Authors@R field in DESCRIPTION.
Please add one, modifying
Authors@R: person(given = "Peter",
family = "Reichert",
role = c("aut", "cre"),
email = "peter.reichert@emeriti.eawag.ch")
as necessary.
Flavors: r-devel-linux-x86_64-debian-clang, r-devel-linux-x86_64-debian-gcc