CRAN Package Check Results for Package rivr

Last updated on 2025-04-30 02:50:50 CEST.

Flavor Version Tinstall Tcheck Ttotal Status Flags
r-devel-linux-x86_64-debian-clang 1.2-3 21.66 46.63 68.29 NOTE
r-devel-linux-x86_64-debian-gcc 1.2-3 12.08 35.54 47.62 NOTE
r-devel-linux-x86_64-fedora-clang 1.2-3 108.12 OK
r-devel-linux-x86_64-fedora-gcc 1.2-3 118.03 OK
r-devel-windows-x86_64 1.2-3 18.00 91.00 109.00 OK
r-patched-linux-x86_64 1.2-3 19.13 46.18 65.31 OK
r-release-linux-x86_64 1.2-3 17.39 45.89 63.28 OK
r-release-macos-arm64 1.2-3 47.00 OK
r-release-macos-x86_64 1.2-3 71.00 OK
r-release-windows-x86_64 1.2-3 17.00 91.00 108.00 OK
r-oldrel-macos-arm64 1.2-3 40.00 OK
r-oldrel-macos-x86_64 1.2-3 55.00 OK
r-oldrel-windows-x86_64 1.2-3 17.00 104.00 121.00 OK

Check Details

Version: 1.2-3
Check: CRAN incoming feasibility
Result: NOTE Maintainer: ‘Michael C Koohafkan <michael.koohafkan@gmail.com>’ Package CITATION file contains call(s) to old-style personList() or as.personList(). Please use c() on person objects instead. Package CITATION file contains call(s) to old-style citEntry(). Please use bibentry() instead. Flavors: r-devel-linux-x86_64-debian-clang, r-devel-linux-x86_64-debian-gcc