Last updated on 2024-05-02 01:57:12 CEST.
Flavor | Version | Tinstall | Tcheck | Ttotal | Status | Flags |
---|---|---|---|---|---|---|
r-devel-linux-x86_64-debian-clang | 1.3.0 | 258.91 | 41.30 | 300.21 | NOTE | |
r-devel-linux-x86_64-debian-gcc | 1.3.0 | 266.67 | 31.17 | 297.84 | NOTE | |
r-devel-linux-x86_64-fedora-clang | 1.3.0 | 391.21 | NOTE | |||
r-devel-linux-x86_64-fedora-gcc | 1.3.0 | 552.02 | NOTE | |||
r-devel-windows-x86_64 | 1.3.0 | 207.00 | 102.00 | 309.00 | NOTE | |
r-patched-linux-x86_64 | 1.3.0 | 313.39 | 39.08 | 352.47 | OK | |
r-release-linux-x86_64 | 1.3.0 | 311.99 | 38.52 | 350.51 | OK | |
r-release-macos-arm64 | 1.3.0 | 136.00 | NOTE | |||
r-release-macos-x86_64 | 1.3.0 | 188.00 | NOTE | |||
r-release-windows-x86_64 | 1.3.0 | 205.00 | 111.00 | 316.00 | NOTE | |
r-oldrel-macos-arm64 | 1.3.0 | 141.00 | NOTE | |||
r-oldrel-macos-x86_64 | 1.3.0 | 197.00 | NOTE | |||
r-oldrel-windows-x86_64 | 1.3.0 | 207.00 | 120.00 | 327.00 | NOTE |
Version: 1.3.0
Check: compiled code
Result: NOTE
File ‘rjsoncons/libs/rjsoncons.so’:
Found non-API calls to R: ‘SETLENGTH’, ‘SET_TRUELENGTH’
Compiled code should not call non-API entry points in R.
See ‘Writing portable packages’ in the ‘Writing R Extensions’ manual.
Flavors: r-devel-linux-x86_64-debian-clang, r-devel-linux-x86_64-debian-gcc, r-devel-linux-x86_64-fedora-clang, r-devel-linux-x86_64-fedora-gcc
Version: 1.3.0
Check: installed package size
Result: NOTE
installed size is 9.6Mb
sub-directories of 1Mb or more:
include 3.4Mb
libs 5.2Mb
Flavors: r-devel-linux-x86_64-fedora-clang, r-devel-windows-x86_64, r-release-macos-arm64, r-release-macos-x86_64, r-release-windows-x86_64, r-oldrel-macos-arm64, r-oldrel-macos-x86_64, r-oldrel-windows-x86_64
Version: 1.3.0
Check: compiled code
Result: NOTE
File 'rjsoncons/libs/x64/rjsoncons.dll':
Found non-API calls to R: 'SETLENGTH', 'SET_TRUELENGTH'
Compiled code should not call non-API entry points in R.
See 'Writing portable packages' in the 'Writing R Extensions' manual.
Flavor: r-devel-windows-x86_64