Last updated on 2024-08-16 01:48:28 CEST.
Flavor | Version | Tinstall | Tcheck | Ttotal | Status | Flags |
---|---|---|---|---|---|---|
r-devel-linux-x86_64-debian-clang | 1.0.1 | 116.57 | 86.19 | 202.76 | OK | |
r-devel-linux-x86_64-debian-gcc | 1.0.1 | 90.70 | 58.55 | 149.25 | OK | |
r-devel-linux-x86_64-fedora-clang | 1.0.1 | 320.74 | OK | |||
r-devel-linux-x86_64-fedora-gcc | 1.0.1 | 392.26 | OK | |||
r-devel-windows-x86_64 | 1.0.1 | 112.00 | 123.00 | 235.00 | OK | |
r-patched-linux-x86_64 | 1.0.1 | 128.15 | 86.53 | 214.68 | OK | |
r-release-linux-x86_64 | 1.0.1 | 120.90 | 86.25 | 207.15 | OK | |
r-release-macos-arm64 | 1.0.1 | 81.00 | NOTE | |||
r-release-macos-x86_64 | 1.0.1 | 249.00 | NOTE | |||
r-release-windows-x86_64 | 1.0.1 | 110.00 | 120.00 | 230.00 | OK | |
r-oldrel-macos-arm64 | 1.0.1 | 96.00 | NOTE | |||
r-oldrel-macos-x86_64 | 1.0.1 | 218.00 | NOTE | |||
r-oldrel-windows-x86_64 | 1.0.1 | 135.00 | 150.00 | 285.00 | OK |
Version: 1.0.1
Check: installed package size
Result: NOTE
installed size is 44.8Mb
sub-directories of 1Mb or more:
libs 44.2Mb
Flavors: r-release-macos-arm64, r-release-macos-x86_64, r-oldrel-macos-arm64, r-oldrel-macos-x86_64