CRAN Package Check Results for Package rlog

Last updated on 2022-08-09 01:54:59 CEST.

Flavor Version Tinstall Tcheck Ttotal Status Flags
r-devel-linux-x86_64-debian-clang 0.1.0 1.36 22.77 24.13 NOTE
r-devel-linux-x86_64-debian-gcc 0.1.0 1.27 17.61 18.88 NOTE
r-devel-linux-x86_64-fedora-clang 0.1.0 40.99 NOTE
r-devel-linux-x86_64-fedora-gcc 0.1.0 39.14 NOTE
r-devel-windows-x86_64 0.1.0 9.00 48.00 57.00 NOTE
r-patched-linux-x86_64 0.1.0 1.98 21.77 23.75 NOTE
r-release-linux-x86_64 0.1.0 NOTE
r-release-macos-arm64 0.1.0 13.00 NOTE
r-release-macos-x86_64 0.1.0 20.00 NOTE
r-release-windows-x86_64 0.1.0 7.00 47.00 54.00 NOTE
r-oldrel-macos-arm64 0.1.0 16.00 NOTE
r-oldrel-macos-x86_64 0.1.0 24.00 NOTE
r-oldrel-windows-ix86+x86_64 0.1.0 5.00 41.00 46.00 NOTE

Check Details

Version: 0.1.0
Check: LazyData
Result: NOTE
     'LazyData' is specified without a 'data' directory
Flavors: r-devel-linux-x86_64-debian-clang, r-devel-linux-x86_64-debian-gcc, r-devel-linux-x86_64-fedora-clang, r-devel-linux-x86_64-fedora-gcc, r-devel-windows-x86_64, r-patched-linux-x86_64, r-release-linux-x86_64, r-release-macos-arm64, r-release-macos-x86_64, r-release-windows-x86_64, r-oldrel-macos-arm64, r-oldrel-macos-x86_64, r-oldrel-windows-ix86+x86_64